{"id":1464,"date":"2019-10-22T10:50:40","date_gmt":"2019-10-22T09:50:40","guid":{"rendered":"http:\/\/maisondelaphilo-romainville.org\/?page_id=1464"},"modified":"2025-09-05T14:43:10","modified_gmt":"2025-09-05T12:43:10","slug":"le-rendez-vous-des-ptits-philosophes","status":"publish","type":"page","link":"https:\/\/maisondelaphilo-romainville.org\/?page_id=1464","title":{"rendered":"Le Rendez-vous des P&#8217;tits Philosophes"},"content":{"rendered":"\n<figure class=\"wp-block-image\" id=\"ptitsphilosophes\"><img loading=\"lazy\" decoding=\"async\" width=\"1311\" height=\"599\" src=\"https:\/\/maisondelaphilo-romainville.org\/wp-content\/uploads\/2024\/07\/Logo-Ptits-Philosophes-1.png\" alt=\"\" class=\"wp-image-5459\" srcset=\"https:\/\/maisondelaphilo-romainville.org\/wp-content\/uploads\/2024\/07\/Logo-Ptits-Philosophes-1.png 1311w, https:\/\/maisondelaphilo-romainville.org\/wp-content\/uploads\/2024\/07\/Logo-Ptits-Philosophes-1-300x137.png 300w, https:\/\/maisondelaphilo-romainville.org\/wp-content\/uploads\/2024\/07\/Logo-Ptits-Philosophes-1-1024x468.png 1024w, https:\/\/maisondelaphilo-romainville.org\/wp-content\/uploads\/2024\/07\/Logo-Ptits-Philosophes-1-768x351.png 768w\" sizes=\"auto, (max-width: 1311px) 100vw, 1311px\" \/><\/figure>\n\n\n\n<p class=\"has-medium-font-size\"><strong>Il y a des enfants qui tombent amoureux de la philosophie. Pour ceux-l\u00e0, mais aussi pour tous les autres, on propose un moment particulier, pour aller plus loin dans la d\u00e9couverte de la philo : le Rendez-Vous des P\u2019tits Philosophes, ouvert aux enfants \u00e2g\u00e9s de 6 \u00e0 11 ans.<\/strong><\/p>\n\n\n\n<figure class=\"wp-block-image\"><img loading=\"lazy\" decoding=\"async\" width=\"815\" height=\"543\" src=\"https:\/\/maisondelaphilo-romainville.org\/wp-content\/uploads\/2024\/09\/capturerdvptitsphilosophes.png\" alt=\"\" class=\"wp-image-5653\" srcset=\"https:\/\/maisondelaphilo-romainville.org\/wp-content\/uploads\/2024\/09\/capturerdvptitsphilosophes.png 815w, https:\/\/maisondelaphilo-romainville.org\/wp-content\/uploads\/2024\/09\/capturerdvptitsphilosophes-300x200.png 300w, https:\/\/maisondelaphilo-romainville.org\/wp-content\/uploads\/2024\/09\/capturerdvptitsphilosophes-768x512.png 768w\" sizes=\"auto, (max-width: 815px) 100vw, 815px\" \/><\/figure>\n\n\n\n<p><strong>Un moment de partage et de convivialit\u00e9 pour explorer tout un monde de curiosit\u00e9s philosophiques !<\/strong><\/p>\n\n\n\n<p class=\"has-text-align-center\"><strong>6 \u2013 8 ans : Mercredi 10h30 \u2013 12h<br>8 \u2013 11 ans : Mercredi 14h \u2013 15h30<br>7 \u2013 11 ans : Samedi 11h \u2013 12h30<\/strong><\/p>\n\n\n\n<p><strong>Pour s\u2019inscrire, le formulaire ci-dessous est \u00e0 renvoyer par mail ou \u00e0 remplir sur place aux horaires d\u2019ouverture :<\/strong><\/p>\n\n\n\n<div class=\"wp-block-file aligncenter\"><a id=\"wp-block-file--media-2a30b994-3a3f-4f8c-b5ae-3151a1354270\" href=\"https:\/\/maisondelaphilo-romainville.org\/wp-content\/uploads\/2025\/09\/2025-Fiche-inscription-Rendez-vous-des-Ptits-Philosophes.pdf\"><strong>2025 Fiche inscription Rendez-vous des P&#8217;tits Philosophes<\/strong><\/a><a href=\"https:\/\/maisondelaphilo-romainville.org\/wp-content\/uploads\/2025\/09\/2025-Fiche-inscription-Rendez-vous-des-Ptits-Philosophes.pdf\" class=\"wp-block-file__button wp-element-button\" download aria-describedby=\"wp-block-file--media-2a30b994-3a3f-4f8c-b5ae-3151a1354270\">T\u00e9l\u00e9charger<\/a><\/div>\n\n\n\n<p><\/p>\n","protected":false},"excerpt":{"rendered":"<p>Il y a des enfants qui tombent amoureux de la philosophie. Pour ceux-l\u00e0, mais aussi pour tous les autres, on propose un moment particulier, pour aller plus loin dans la d\u00e9couverte de la philo : le Rendez-Vous des P\u2019tits Philosophes, ouvert aux enfants \u00e2g\u00e9s de 6 \u00e0 11 ans. Un moment de partage et de&hellip; <a href=\"https:\/\/maisondelaphilo-romainville.org\/?page_id=1464\" class=\"more-link\">Continue reading <span class=\"screen-reader-text\">Le Rendez-vous des P&#8217;tits Philosophes<\/span><\/a><\/p>\n","protected":false},"author":1,"featured_media":0,"parent":0,"menu_order":0,"comment_status":"closed","ping_status":"closed","template":"templates\/full-width-page.php","meta":{"iawp_total_views":170,"footnotes":""},"class_list":["post-1464","page","type-page","status-publish","hentry","without-featured-image"],"aioseo_notices":[],"_links":{"self":[{"href":"https:\/\/maisondelaphilo-romainville.org\/index.php?rest_route=\/wp\/v2\/pages\/1464","targetHints":{"allow":["GET"]}}],"collection":[{"href":"https:\/\/maisondelaphilo-romainville.org\/index.php?rest_route=\/wp\/v2\/pages"}],"about":[{"href":"https:\/\/maisondelaphilo-romainville.org\/index.php?rest_route=\/wp\/v2\/types\/page"}],"author":[{"embeddable":true,"href":"https:\/\/maisondelaphilo-romainville.org\/index.php?rest_route=\/wp\/v2\/users\/1"}],"replies":[{"embeddable":true,"href":"https:\/\/maisondelaphilo-romainville.org\/index.php?rest_route=%2Fwp%2Fv2%2Fcomments&post=1464"}],"version-history":[{"count":4,"href":"https:\/\/maisondelaphilo-romainville.org\/index.php?rest_route=\/wp\/v2\/pages\/1464\/revisions"}],"predecessor-version":[{"id":6254,"href":"https:\/\/maisondelaphilo-romainville.org\/index.php?rest_route=\/wp\/v2\/pages\/1464\/revisions\/6254"}],"wp:attachment":[{"href":"https:\/\/maisondelaphilo-romainville.org\/index.php?rest_route=%2Fwp%2Fv2%2Fmedia&parent=1464"}],"curies":[{"name":"wp","href":"https:\/\/api.w.org\/{rel}","templated":true}]}}

<figure class="wp-block-image" id="ptitsphilosophes"><img loading="lazy" decoding="async" width="1311" height="599" src="https://maisondelaphilo-romainville.org/wp-content/uploads/2024/07/Logo-Ptits-Philosophes-1.png" alt="" class="wp-image-5459" srcset="https://maisondelaphilo-romainville.org/wp-content/uploads/2024/07/Logo-Ptits-Philosophes-1.png 1311w, https://maisondelaphilo-romainville.org/wp-content/uploads/2024/07/Logo-Ptits-Philosophes-1-300x137.png 300w, https://maisondelaphilo-romainville.org/wp-content/uploads/2024/07/Logo-Ptits-Philosophes-1-1024x468.png 1024w, https://maisondelaphilo-romainville.org/wp-content/uploads/2024/07/Logo-Ptits-Philosophes-1-768x351.png 768w" sizes="auto, (max-width: 1311px) 100vw, 1311px" /></figure>



<p class="has-medium-font-size"><strong>Il y a des enfants qui tombent amoureux de la philosophie. Pour ceux-là, mais aussi pour tous les autres, on propose un moment particulier, pour aller plus loin dans la découverte de la philo : le Rendez-Vous des P’tits Philosophes, ouvert aux enfants âgés de 6 à 11 ans.</strong></p>



<figure class="wp-block-image"><img loading="lazy" decoding="async" width="815" height="543" src="https://maisondelaphilo-romainville.org/wp-content/uploads/2024/09/capturerdvptitsphilosophes.png" alt="" class="wp-image-5653" srcset="https://maisondelaphilo-romainville.org/wp-content/uploads/2024/09/capturerdvptitsphilosophes.png 815w, https://maisondelaphilo-romainville.org/wp-content/uploads/2024/09/capturerdvptitsphilosophes-300x200.png 300w, https://maisondelaphilo-romainville.org/wp-content/uploads/2024/09/capturerdvptitsphilosophes-768x512.png 768w" sizes="auto, (max-width: 815px) 100vw, 815px" /></figure>



<p><strong>Un moment de partage et de convivialité pour explorer tout un monde de curiosités philosophiques !</strong></p>



<p class="has-text-align-center"><strong>6 – 8 ans : Mercredi 10h30 – 12h<br>8 – 11 ans : Mercredi 14h – 15h30<br>7 – 11 ans : Samedi 11h – 12h30</strong></p>



<p><strong>Pour s’inscrire, le formulaire ci-dessous est à renvoyer par mail ou à remplir sur place aux horaires d’ouverture :</strong></p>



<div class="wp-block-file aligncenter"><a id="wp-block-file--media-2a30b994-3a3f-4f8c-b5ae-3151a1354270" href="https://maisondelaphilo-romainville.org/wp-content/uploads/2025/09/2025-Fiche-inscription-Rendez-vous-des-Ptits-Philosophes.pdf"><strong>2025 Fiche inscription Rendez-vous des P&#8217;tits Philosophes</strong></a><a href="https://maisondelaphilo-romainville.org/wp-content/uploads/2025/09/2025-Fiche-inscription-Rendez-vous-des-Ptits-Philosophes.pdf" class="wp-block-file__button wp-element-button" download aria-describedby="wp-block-file--media-2a30b994-3a3f-4f8c-b5ae-3151a1354270">Télécharger</a></div>



<p></p>

<p>Il y a des enfants qui tombent amoureux de la philosophie. Pour ceux-là, mais aussi pour tous les autres, on propose un moment particulier, pour aller plus loin dans la découverte de la philo : le Rendez-Vous des P’tits Philosophes, ouvert aux enfants âgés de 6 à 11 ans. Un moment de partage et de&hellip; <a href="https://maisondelaphilo-romainville.org/?page_id=1464" class="more-link">Continue reading <span class="screen-reader-text">Le Rendez-vous des P&#8217;tits Philosophes</span></a></p>
