{"id":1519,"date":"2019-10-23T09:52:34","date_gmt":"2019-10-23T08:52:34","guid":{"rendered":"http:\/\/maisondelaphilo-romainville.org\/?page_id=1519"},"modified":"2025-11-12T16:31:58","modified_gmt":"2025-11-12T15:31:58","slug":"les-rencontres-eveil-petite-philo","status":"publish","type":"page","link":"https:\/\/maisondelaphilo-romainville.org\/?page_id=1519","title":{"rendered":"Eveil Philo"},"content":{"rendered":"\n<figure class=\"wp-block-image\" id=\"eveilphilo\"><img loading=\"lazy\" decoding=\"async\" width=\"1452\" height=\"566\" src=\"https:\/\/maisondelaphilo-romainville.org\/wp-content\/uploads\/2024\/07\/Logo-Eveil-philo-1.png\" alt=\"\" class=\"wp-image-5461\" title=\"\" srcset=\"https:\/\/maisondelaphilo-romainville.org\/wp-content\/uploads\/2024\/07\/Logo-Eveil-philo-1.png 1452w, https:\/\/maisondelaphilo-romainville.org\/wp-content\/uploads\/2024\/07\/Logo-Eveil-philo-1-300x117.png 300w, https:\/\/maisondelaphilo-romainville.org\/wp-content\/uploads\/2024\/07\/Logo-Eveil-philo-1-1024x399.png 1024w, https:\/\/maisondelaphilo-romainville.org\/wp-content\/uploads\/2024\/07\/Logo-Eveil-philo-1-768x299.png 768w\" sizes=\"auto, (max-width: 1452px) 100vw, 1452px\" \/><\/figure>\n\n\n\n<p class=\"has-medium-font-size\"><strong>D\u00e8s l\u2019\u00e2ge de 4 ans, les enfants se posent des questions immenses, intenses et signifiantes. La curiosit\u00e9 philosophique na\u00eet et il est important de l\u2019accueillir. C\u2019est pourquoi nous proposons des rendez-vous d\u00e9di\u00e9s aux tout-petits, \u00e0 la Maison de la Philo. L\u2019objectif ? Leur proposer des activit\u00e9s d\u2019\u00e9veil \u00e0 la philosophie, gr\u00e2ce \u00e0 des outils singuliers : images, histoires, jeux p\u00e9dagogiques et ludiques\u2026 L\u2019activit\u00e9 est ouverte aux familles et centres de loisirs maternels.<\/strong><\/p>\n\n\n\n<figure class=\"wp-block-image\"><img loading=\"lazy\" decoding=\"async\" width=\"346\" height=\"281\" src=\"https:\/\/maisondelaphilo-romainville.org\/wp-content\/uploads\/2024\/09\/image-eveil-philo.webp\" alt=\"\" class=\"wp-image-5654\" srcset=\"https:\/\/maisondelaphilo-romainville.org\/wp-content\/uploads\/2024\/09\/image-eveil-philo.webp 346w, https:\/\/maisondelaphilo-romainville.org\/wp-content\/uploads\/2024\/09\/image-eveil-philo-300x244.webp 300w\" sizes=\"auto, (max-width: 346px) 100vw, 346px\" \/><\/figure>\n\n\n\n<ul class=\"wp-block-list\">\n<li><strong><mark>Le mercredi et le samedi de 15h30 \u00e0 16h30, pour les enfants de 4-6 ans accompagn\u00e9s d\u2019un adulte<\/mark><\/strong><\/li>\n\n\n\n<li><strong><mark>Dates disponibles dans le programme<\/mark><\/strong><\/li>\n\n\n\n<li><strong><mark>Une p\u00e9dagogie adapt\u00e9e aux petits !<\/mark><\/strong><\/li>\n<\/ul>\n\n\n\n<ul class=\"wp-block-list\">\n<li><strong>Mercredi 3 D\u00e9cembre<\/strong>\u00a0ou\u00a0<strong>Samedi 6 D\u00e9cembr<\/strong>e<\/li>\n\n\n\n<li><strong>Mercredi 7 Janvier<\/strong> ou <strong>Samedi 10 Janvier<\/strong><\/li>\n\n\n\n<li><strong>Mercredi 4 F\u00e9vrier <\/strong>ou <strong>Samedi 7 F\u00e9vrier<\/strong><\/li>\n\n\n\n<li><strong>Mercredi 11 Mars <\/strong>ou <strong>Samedi 14 Mars<\/strong><\/li>\n\n\n\n<li><strong>Mercredi 1er Avril <\/strong>ou <strong>Samedi 4 Avril<\/strong><\/li>\n\n\n\n<li><strong>Mercredi 6 Mai <\/strong>ou <strong>Samedi 9 Mai<\/strong><\/li>\n\n\n\n<li><strong>Mercredi 3 Juin <\/strong>ou <strong>Samedi 6 Juin<\/strong><\/li>\n<\/ul>\n\n\n\n<p class=\"has-medium-font-size\">Pour toute inscription, merci d\u2019envoyer un mail \u00e0&nbsp;<a href=\"mailto:maisondelaphilo@ville-romainville.fr\">maisondelaphilo@ville-romainville.fr<\/a><\/p>\n\n\n\n<p><\/p>\n","protected":false},"excerpt":{"rendered":"<p>D\u00e8s l\u2019\u00e2ge de 4 ans, les enfants se posent des questions immenses, intenses et signifiantes. La curiosit\u00e9 philosophique na\u00eet et il est important de l\u2019accueillir. C\u2019est pourquoi nous proposons des rendez-vous d\u00e9di\u00e9s aux tout-petits, \u00e0 la Maison de la Philo. L\u2019objectif ? Leur proposer des activit\u00e9s d\u2019\u00e9veil \u00e0 la philosophie, gr\u00e2ce \u00e0 des outils singuliers&hellip; <a href=\"https:\/\/maisondelaphilo-romainville.org\/?page_id=1519\" class=\"more-link\">Continue reading <span class=\"screen-reader-text\">Eveil Philo<\/span><\/a><\/p>\n","protected":false},"author":1,"featured_media":0,"parent":0,"menu_order":0,"comment_status":"closed","ping_status":"closed","template":"templates\/full-width-page.php","meta":{"iawp_total_views":270,"footnotes":""},"class_list":["post-1519","page","type-page","status-publish","hentry","without-featured-image"],"aioseo_notices":[],"_links":{"self":[{"href":"https:\/\/maisondelaphilo-romainville.org\/index.php?rest_route=\/wp\/v2\/pages\/1519","targetHints":{"allow":["GET"]}}],"collection":[{"href":"https:\/\/maisondelaphilo-romainville.org\/index.php?rest_route=\/wp\/v2\/pages"}],"about":[{"href":"https:\/\/maisondelaphilo-romainville.org\/index.php?rest_route=\/wp\/v2\/types\/page"}],"author":[{"embeddable":true,"href":"https:\/\/maisondelaphilo-romainville.org\/index.php?rest_route=\/wp\/v2\/users\/1"}],"replies":[{"embeddable":true,"href":"https:\/\/maisondelaphilo-romainville.org\/index.php?rest_route=%2Fwp%2Fv2%2Fcomments&post=1519"}],"version-history":[{"count":5,"href":"https:\/\/maisondelaphilo-romainville.org\/index.php?rest_route=\/wp\/v2\/pages\/1519\/revisions"}],"predecessor-version":[{"id":6362,"href":"https:\/\/maisondelaphilo-romainville.org\/index.php?rest_route=\/wp\/v2\/pages\/1519\/revisions\/6362"}],"wp:attachment":[{"href":"https:\/\/maisondelaphilo-romainville.org\/index.php?rest_route=%2Fwp%2Fv2%2Fmedia&parent=1519"}],"curies":[{"name":"wp","href":"https:\/\/api.w.org\/{rel}","templated":true}]}}

<figure class="wp-block-image" id="eveilphilo"><img loading="lazy" decoding="async" width="1452" height="566" src="https://maisondelaphilo-romainville.org/wp-content/uploads/2024/07/Logo-Eveil-philo-1.png" alt="" class="wp-image-5461" title="" srcset="https://maisondelaphilo-romainville.org/wp-content/uploads/2024/07/Logo-Eveil-philo-1.png 1452w, https://maisondelaphilo-romainville.org/wp-content/uploads/2024/07/Logo-Eveil-philo-1-300x117.png 300w, https://maisondelaphilo-romainville.org/wp-content/uploads/2024/07/Logo-Eveil-philo-1-1024x399.png 1024w, https://maisondelaphilo-romainville.org/wp-content/uploads/2024/07/Logo-Eveil-philo-1-768x299.png 768w" sizes="auto, (max-width: 1452px) 100vw, 1452px" /></figure>



<p class="has-medium-font-size"><strong>Dès l’âge de 4 ans, les enfants se posent des questions immenses, intenses et signifiantes. La curiosité philosophique naît et il est important de l’accueillir. C’est pourquoi nous proposons des rendez-vous dédiés aux tout-petits, à la Maison de la Philo. L’objectif ? Leur proposer des activités d’éveil à la philosophie, grâce à des outils singuliers : images, histoires, jeux pédagogiques et ludiques… L’activité est ouverte aux familles et centres de loisirs maternels.</strong></p>



<figure class="wp-block-image"><img loading="lazy" decoding="async" width="346" height="281" src="https://maisondelaphilo-romainville.org/wp-content/uploads/2024/09/image-eveil-philo.webp" alt="" class="wp-image-5654" srcset="https://maisondelaphilo-romainville.org/wp-content/uploads/2024/09/image-eveil-philo.webp 346w, https://maisondelaphilo-romainville.org/wp-content/uploads/2024/09/image-eveil-philo-300x244.webp 300w" sizes="auto, (max-width: 346px) 100vw, 346px" /></figure>



<ul class="wp-block-list">
<li><strong><mark>Le mercredi et le samedi de 15h30 à 16h30, pour les enfants de 4-6 ans accompagnés d’un adulte</mark></strong></li>



<li><strong><mark>Dates disponibles dans le programme</mark></strong></li>



<li><strong><mark>Une pédagogie adaptée aux petits !</mark></strong></li>
</ul>



<ul class="wp-block-list">
<li><strong>Mercredi 3 Décembre</strong> ou <strong>Samedi 6 Décembr</strong>e</li>



<li><strong>Mercredi 7 Janvier</strong> ou <strong>Samedi 10 Janvier</strong></li>



<li><strong>Mercredi 4 Février </strong>ou <strong>Samedi 7 Février</strong></li>



<li><strong>Mercredi 11 Mars </strong>ou <strong>Samedi 14 Mars</strong></li>



<li><strong>Mercredi 1er Avril </strong>ou <strong>Samedi 4 Avril</strong></li>



<li><strong>Mercredi 6 Mai </strong>ou <strong>Samedi 9 Mai</strong></li>



<li><strong>Mercredi 3 Juin </strong>ou <strong>Samedi 6 Juin</strong></li>
</ul>



<p class="has-medium-font-size">Pour toute inscription, merci d’envoyer un mail à&nbsp;<a href="mailto:maisondelaphilo@ville-romainville.fr">maisondelaphilo@ville-romainville.fr</a></p>



<p></p>

<p>Dès l’âge de 4 ans, les enfants se posent des questions immenses, intenses et signifiantes. La curiosité philosophique naît et il est important de l’accueillir. C’est pourquoi nous proposons des rendez-vous dédiés aux tout-petits, à la Maison de la Philo. L’objectif ? Leur proposer des activités d’éveil à la philosophie, grâce à des outils singuliers&hellip; <a href="https://maisondelaphilo-romainville.org/?page_id=1519" class="more-link">Continue reading <span class="screen-reader-text">Eveil Philo</span></a></p>
