{"id":1638,"date":"2019-11-16T15:02:41","date_gmt":"2019-11-16T14:02:41","guid":{"rendered":"http:\/\/maisondelaphilo-romainville.org\/?page_id=1638"},"modified":"2025-12-17T17:38:00","modified_gmt":"2025-12-17T16:38:00","slug":"debats-philo-maison-des-retraites","status":"publish","type":"page","link":"https:\/\/maisondelaphilo-romainville.org\/?page_id=1638","title":{"rendered":"D\u00e9bats philo Maison des Retrait\u00e9s"},"content":{"rendered":"\n<section class=\"wp-block-cover\" id=\"retraite\"><img loading=\"lazy\" decoding=\"async\" width=\"2560\" height=\"1440\" class=\"wp-block-cover__image-background wp-image-5635\" alt=\"\" src=\"https:\/\/maisondelaphilo-romainville.org\/wp-content\/uploads\/2024\/09\/20240530_085648-scaled.jpg\" data-object-fit=\"cover\" srcset=\"https:\/\/maisondelaphilo-romainville.org\/wp-content\/uploads\/2024\/09\/20240530_085648-scaled.jpg 2560w, https:\/\/maisondelaphilo-romainville.org\/wp-content\/uploads\/2024\/09\/20240530_085648-300x169.jpg 300w, https:\/\/maisondelaphilo-romainville.org\/wp-content\/uploads\/2024\/09\/20240530_085648-1024x576.jpg 1024w, https:\/\/maisondelaphilo-romainville.org\/wp-content\/uploads\/2024\/09\/20240530_085648-768x432.jpg 768w, https:\/\/maisondelaphilo-romainville.org\/wp-content\/uploads\/2024\/09\/20240530_085648-1536x864.jpg 1536w, https:\/\/maisondelaphilo-romainville.org\/wp-content\/uploads\/2024\/09\/20240530_085648-2048x1152.jpg 2048w\" sizes=\"auto, (max-width: 2560px) 100vw, 2560px\" \/><span aria-hidden=\"true\" class=\"wp-block-cover__background has-black-background-color has-background-dim\"><\/span><div class=\"wp-block-cover__inner-container is-layout-flow wp-block-cover-is-layout-flow\">\n<p class=\"has-text-align-center has-large-font-size\"><strong>D\u00e9bat philo Maison des retrait\u00e9s<\/strong><\/p>\n<\/div><\/section>\n\n\n\n<p class=\"has-medium-font-size\"><strong>Philosopher, c\u2019est prendre le temps de penser. C\u2019est se retirer, pour un temps, du monde et de son agitation pour r\u00e9fl\u00e9chir. Une activit\u00e9 donc particuli\u00e8rement propice \u00e0 l\u2019\u00e2ge de la retraite ! Nous proposons donc un moment de philosophie \u00e0 la Maison des retrait\u00e9\u00b7es, un vendredi par mois.<\/strong><\/p>\n\n\n\n<figure class=\"wp-block-image\"><img loading=\"lazy\" decoding=\"async\" width=\"566\" height=\"458\" src=\"https:\/\/maisondelaphilo-romainville.org\/wp-content\/uploads\/2024\/09\/captureecranatelierretraitc3a9s.png\" alt=\"\" class=\"wp-image-5666\" srcset=\"https:\/\/maisondelaphilo-romainville.org\/wp-content\/uploads\/2024\/09\/captureecranatelierretraitc3a9s.png 566w, https:\/\/maisondelaphilo-romainville.org\/wp-content\/uploads\/2024\/09\/captureecranatelierretraitc3a9s-300x243.png 300w\" sizes=\"auto, (max-width: 566px) 100vw, 566px\" \/><\/figure>\n\n\n\n<p class=\"has-medium-font-size\"><strong>En un mot :<\/strong><br><strong>\u2022 1 vendredi par mois&nbsp;pour les usager\u00b7\u00e8res de la Maison des retrait\u00e9\u00b7es<\/strong><br><strong>\u2022 R\u00e9servation obligatoire&nbsp;aupr\u00e8s de la Maison des retrait\u00e9\u00b7es : 01 49 15 56 41.&nbsp;<\/strong><br><strong>\u2022 L\u2019occasion de revenir sur toute une exp\u00e9rience de vie et d\u2019y r\u00e9fl\u00e9chir profond\u00e9ment.&nbsp;<\/strong><br><strong>\u2022 Il n\u2019est jamais trop tard pour apprendre \u00e0 philosopher !<\/strong><\/p>\n\n\n\n<div class=\"wp-block-group is-layout-grid wp-container-core-group-is-layout-f1d79ed1 wp-block-group-is-layout-grid\">\n<figure class=\"wp-block-image size-large\"><img loading=\"lazy\" decoding=\"async\" width=\"1024\" height=\"1024\" src=\"https:\/\/maisondelaphilo-romainville.org\/wp-content\/uploads\/2025\/09\/Maison-des-retraites-0902-post-et-story-1024x1024.png\" alt=\"\" class=\"wp-image-6208\" srcset=\"https:\/\/maisondelaphilo-romainville.org\/wp-content\/uploads\/2025\/09\/Maison-des-retraites-0902-post-et-story-1024x1024.png 1024w, https:\/\/maisondelaphilo-romainville.org\/wp-content\/uploads\/2025\/09\/Maison-des-retraites-0902-post-et-story-300x300.png 300w, https:\/\/maisondelaphilo-romainville.org\/wp-content\/uploads\/2025\/09\/Maison-des-retraites-0902-post-et-story-150x150.png 150w, https:\/\/maisondelaphilo-romainville.org\/wp-content\/uploads\/2025\/09\/Maison-des-retraites-0902-post-et-story-768x768.png 768w, https:\/\/maisondelaphilo-romainville.org\/wp-content\/uploads\/2025\/09\/Maison-des-retraites-0902-post-et-story-180x180.png 180w, https:\/\/maisondelaphilo-romainville.org\/wp-content\/uploads\/2025\/09\/Maison-des-retraites-0902-post-et-story.png 1080w\" sizes=\"auto, (max-width: 1024px) 100vw, 1024px\" \/><\/figure>\n\n\n\n<figure class=\"wp-block-image size-large wp-container-content-5fd69529\"><img loading=\"lazy\" decoding=\"async\" width=\"1024\" height=\"1024\" src=\"https:\/\/maisondelaphilo-romainville.org\/wp-content\/uploads\/2025\/09\/Maison-des-retraites-0902-post-et-story-1-1024x1024.png\" alt=\"\" class=\"wp-image-6209\" srcset=\"https:\/\/maisondelaphilo-romainville.org\/wp-content\/uploads\/2025\/09\/Maison-des-retraites-0902-post-et-story-1-1024x1024.png 1024w, https:\/\/maisondelaphilo-romainville.org\/wp-content\/uploads\/2025\/09\/Maison-des-retraites-0902-post-et-story-1-300x300.png 300w, https:\/\/maisondelaphilo-romainville.org\/wp-content\/uploads\/2025\/09\/Maison-des-retraites-0902-post-et-story-1-150x150.png 150w, https:\/\/maisondelaphilo-romainville.org\/wp-content\/uploads\/2025\/09\/Maison-des-retraites-0902-post-et-story-1-768x768.png 768w, https:\/\/maisondelaphilo-romainville.org\/wp-content\/uploads\/2025\/09\/Maison-des-retraites-0902-post-et-story-1-180x180.png 180w, https:\/\/maisondelaphilo-romainville.org\/wp-content\/uploads\/2025\/09\/Maison-des-retraites-0902-post-et-story-1.png 1080w\" sizes=\"auto, (max-width: 1024px) 100vw, 1024px\" \/><\/figure>\n\n\n\n<figure class=\"wp-block-image size-large\"><img loading=\"lazy\" decoding=\"async\" width=\"1024\" height=\"1024\" src=\"https:\/\/maisondelaphilo-romainville.org\/wp-content\/uploads\/2025\/09\/Maison-des-retraites-2203-post-et-story-1024x1024.png\" alt=\"\" class=\"wp-image-6210\" srcset=\"https:\/\/maisondelaphilo-romainville.org\/wp-content\/uploads\/2025\/09\/Maison-des-retraites-2203-post-et-story-1024x1024.png 1024w, https:\/\/maisondelaphilo-romainville.org\/wp-content\/uploads\/2025\/09\/Maison-des-retraites-2203-post-et-story-300x300.png 300w, https:\/\/maisondelaphilo-romainville.org\/wp-content\/uploads\/2025\/09\/Maison-des-retraites-2203-post-et-story-150x150.png 150w, https:\/\/maisondelaphilo-romainville.org\/wp-content\/uploads\/2025\/09\/Maison-des-retraites-2203-post-et-story-768x768.png 768w, https:\/\/maisondelaphilo-romainville.org\/wp-content\/uploads\/2025\/09\/Maison-des-retraites-2203-post-et-story-180x180.png 180w, https:\/\/maisondelaphilo-romainville.org\/wp-content\/uploads\/2025\/09\/Maison-des-retraites-2203-post-et-story.png 1080w\" sizes=\"auto, (max-width: 1024px) 100vw, 1024px\" \/><\/figure>\n\n\n\n<figure class=\"wp-block-image size-large\"><img loading=\"lazy\" decoding=\"async\" width=\"1024\" height=\"1024\" src=\"https:\/\/maisondelaphilo-romainville.org\/wp-content\/uploads\/2025\/09\/Maison-des-retraites-2203-post-et-story-1-1024x1024.png\" alt=\"\" class=\"wp-image-6211\" srcset=\"https:\/\/maisondelaphilo-romainville.org\/wp-content\/uploads\/2025\/09\/Maison-des-retraites-2203-post-et-story-1-1024x1024.png 1024w, https:\/\/maisondelaphilo-romainville.org\/wp-content\/uploads\/2025\/09\/Maison-des-retraites-2203-post-et-story-1-300x300.png 300w, https:\/\/maisondelaphilo-romainville.org\/wp-content\/uploads\/2025\/09\/Maison-des-retraites-2203-post-et-story-1-150x150.png 150w, https:\/\/maisondelaphilo-romainville.org\/wp-content\/uploads\/2025\/09\/Maison-des-retraites-2203-post-et-story-1-768x768.png 768w, https:\/\/maisondelaphilo-romainville.org\/wp-content\/uploads\/2025\/09\/Maison-des-retraites-2203-post-et-story-1-180x180.png 180w, https:\/\/maisondelaphilo-romainville.org\/wp-content\/uploads\/2025\/09\/Maison-des-retraites-2203-post-et-story-1.png 1080w\" sizes=\"auto, (max-width: 1024px) 100vw, 1024px\" \/><\/figure>\n\n\n\n<figure class=\"wp-block-image size-large\"><img loading=\"lazy\" decoding=\"async\" width=\"1024\" height=\"1024\" src=\"https:\/\/maisondelaphilo-romainville.org\/wp-content\/uploads\/2025\/09\/Maison-des-retraites-2604-post-et-story-1024x1024.png\" alt=\"\" class=\"wp-image-6212\" srcset=\"https:\/\/maisondelaphilo-romainville.org\/wp-content\/uploads\/2025\/09\/Maison-des-retraites-2604-post-et-story-1024x1024.png 1024w, https:\/\/maisondelaphilo-romainville.org\/wp-content\/uploads\/2025\/09\/Maison-des-retraites-2604-post-et-story-300x300.png 300w, https:\/\/maisondelaphilo-romainville.org\/wp-content\/uploads\/2025\/09\/Maison-des-retraites-2604-post-et-story-150x150.png 150w, https:\/\/maisondelaphilo-romainville.org\/wp-content\/uploads\/2025\/09\/Maison-des-retraites-2604-post-et-story-768x768.png 768w, https:\/\/maisondelaphilo-romainville.org\/wp-content\/uploads\/2025\/09\/Maison-des-retraites-2604-post-et-story-180x180.png 180w, https:\/\/maisondelaphilo-romainville.org\/wp-content\/uploads\/2025\/09\/Maison-des-retraites-2604-post-et-story.png 1080w\" sizes=\"auto, (max-width: 1024px) 100vw, 1024px\" \/><\/figure>\n\n\n\n<figure class=\"wp-block-image size-large\"><img loading=\"lazy\" decoding=\"async\" width=\"1024\" height=\"1024\" src=\"https:\/\/maisondelaphilo-romainville.org\/wp-content\/uploads\/2025\/09\/Maison-des-retraites-2604-post-et-story-1-1024x1024.png\" alt=\"\" class=\"wp-image-6213\" srcset=\"https:\/\/maisondelaphilo-romainville.org\/wp-content\/uploads\/2025\/09\/Maison-des-retraites-2604-post-et-story-1-1024x1024.png 1024w, https:\/\/maisondelaphilo-romainville.org\/wp-content\/uploads\/2025\/09\/Maison-des-retraites-2604-post-et-story-1-300x300.png 300w, https:\/\/maisondelaphilo-romainville.org\/wp-content\/uploads\/2025\/09\/Maison-des-retraites-2604-post-et-story-1-150x150.png 150w, https:\/\/maisondelaphilo-romainville.org\/wp-content\/uploads\/2025\/09\/Maison-des-retraites-2604-post-et-story-1-768x768.png 768w, https:\/\/maisondelaphilo-romainville.org\/wp-content\/uploads\/2025\/09\/Maison-des-retraites-2604-post-et-story-1-180x180.png 180w, https:\/\/maisondelaphilo-romainville.org\/wp-content\/uploads\/2025\/09\/Maison-des-retraites-2604-post-et-story-1.png 1080w\" sizes=\"auto, (max-width: 1024px) 100vw, 1024px\" \/><\/figure>\n<\/div>\n\n\n\n<p><\/p>\n","protected":false},"excerpt":{"rendered":"<p>Philosopher, c\u2019est prendre le temps de penser. C\u2019est se retirer, pour un temps, du monde et de son agitation pour r\u00e9fl\u00e9chir. Une activit\u00e9 donc particuli\u00e8rement propice \u00e0 l\u2019\u00e2ge de la retraite ! Nous proposons donc un moment de philosophie \u00e0 la Maison des retrait\u00e9\u00b7es, un vendredi par mois. En un mot :\u2022 1 vendredi par&hellip; <a href=\"https:\/\/maisondelaphilo-romainville.org\/?page_id=1638\" class=\"more-link\">Continue reading <span class=\"screen-reader-text\">D\u00e9bats philo Maison des Retrait\u00e9s<\/span><\/a><\/p>\n","protected":false},"author":1,"featured_media":0,"parent":0,"menu_order":0,"comment_status":"closed","ping_status":"closed","template":"templates\/full-width-page.php","meta":{"iawp_total_views":56,"footnotes":""},"class_list":["post-1638","page","type-page","status-publish","hentry","without-featured-image"],"aioseo_notices":[],"_links":{"self":[{"href":"https:\/\/maisondelaphilo-romainville.org\/index.php?rest_route=\/wp\/v2\/pages\/1638","targetHints":{"allow":["GET"]}}],"collection":[{"href":"https:\/\/maisondelaphilo-romainville.org\/index.php?rest_route=\/wp\/v2\/pages"}],"about":[{"href":"https:\/\/maisondelaphilo-romainville.org\/index.php?rest_route=\/wp\/v2\/types\/page"}],"author":[{"embeddable":true,"href":"https:\/\/maisondelaphilo-romainville.org\/index.php?rest_route=\/wp\/v2\/users\/1"}],"replies":[{"embeddable":true,"href":"https:\/\/maisondelaphilo-romainville.org\/index.php?rest_route=%2Fwp%2Fv2%2Fcomments&post=1638"}],"version-history":[{"count":5,"href":"https:\/\/maisondelaphilo-romainville.org\/index.php?rest_route=\/wp\/v2\/pages\/1638\/revisions"}],"predecessor-version":[{"id":6381,"href":"https:\/\/maisondelaphilo-romainville.org\/index.php?rest_route=\/wp\/v2\/pages\/1638\/revisions\/6381"}],"wp:attachment":[{"href":"https:\/\/maisondelaphilo-romainville.org\/index.php?rest_route=%2Fwp%2Fv2%2Fmedia&parent=1638"}],"curies":[{"name":"wp","href":"https:\/\/api.w.org\/{rel}","templated":true}]}}

Débats philo Maison des Retraités

<section class="wp-block-cover" id="retraite"><img loading="lazy" decoding="async" width="2560" height="1440" class="wp-block-cover__image-background wp-image-5635" alt="" src="https://maisondelaphilo-romainville.org/wp-content/uploads/2024/09/20240530_085648-scaled.jpg" data-object-fit="cover" srcset="https://maisondelaphilo-romainville.org/wp-content/uploads/2024/09/20240530_085648-scaled.jpg 2560w, https://maisondelaphilo-romainville.org/wp-content/uploads/2024/09/20240530_085648-300x169.jpg 300w, https://maisondelaphilo-romainville.org/wp-content/uploads/2024/09/20240530_085648-1024x576.jpg 1024w, https://maisondelaphilo-romainville.org/wp-content/uploads/2024/09/20240530_085648-768x432.jpg 768w, https://maisondelaphilo-romainville.org/wp-content/uploads/2024/09/20240530_085648-1536x864.jpg 1536w, https://maisondelaphilo-romainville.org/wp-content/uploads/2024/09/20240530_085648-2048x1152.jpg 2048w" sizes="auto, (max-width: 2560px) 100vw, 2560px" /><span aria-hidden="true" class="wp-block-cover__background has-black-background-color has-background-dim"></span><div class="wp-block-cover__inner-container is-layout-flow wp-block-cover-is-layout-flow">
<p class="has-text-align-center has-large-font-size"><strong>Débat philo Maison des retraités</strong></p>
</div></section>



<p class="has-medium-font-size"><strong>Philosopher, c’est prendre le temps de penser. C’est se retirer, pour un temps, du monde et de son agitation pour réfléchir. Une activité donc particulièrement propice à l’âge de la retraite ! Nous proposons donc un moment de philosophie à la Maison des retraité·es, un vendredi par mois.</strong></p>



<figure class="wp-block-image"><img loading="lazy" decoding="async" width="566" height="458" src="https://maisondelaphilo-romainville.org/wp-content/uploads/2024/09/captureecranatelierretraitc3a9s.png" alt="" class="wp-image-5666" srcset="https://maisondelaphilo-romainville.org/wp-content/uploads/2024/09/captureecranatelierretraitc3a9s.png 566w, https://maisondelaphilo-romainville.org/wp-content/uploads/2024/09/captureecranatelierretraitc3a9s-300x243.png 300w" sizes="auto, (max-width: 566px) 100vw, 566px" /></figure>



<p class="has-medium-font-size"><strong>En un mot :</strong><br><strong>• 1 vendredi par mois&nbsp;pour les usager·ères de la Maison des retraité·es</strong><br><strong>• Réservation obligatoire&nbsp;auprès de la Maison des retraité·es : 01 49 15 56 41.&nbsp;</strong><br><strong>• L’occasion de revenir sur toute une expérience de vie et d’y réfléchir profondément.&nbsp;</strong><br><strong>• Il n’est jamais trop tard pour apprendre à philosopher !</strong></p>



<div class="wp-block-group is-layout-grid wp-container-core-group-is-layout-f1d79ed1 wp-block-group-is-layout-grid">
<figure class="wp-block-image size-large"><img loading="lazy" decoding="async" width="1024" height="1024" src="https://maisondelaphilo-romainville.org/wp-content/uploads/2025/09/Maison-des-retraites-0902-post-et-story-1024x1024.png" alt="" class="wp-image-6208" srcset="https://maisondelaphilo-romainville.org/wp-content/uploads/2025/09/Maison-des-retraites-0902-post-et-story-1024x1024.png 1024w, https://maisondelaphilo-romainville.org/wp-content/uploads/2025/09/Maison-des-retraites-0902-post-et-story-300x300.png 300w, https://maisondelaphilo-romainville.org/wp-content/uploads/2025/09/Maison-des-retraites-0902-post-et-story-150x150.png 150w, https://maisondelaphilo-romainville.org/wp-content/uploads/2025/09/Maison-des-retraites-0902-post-et-story-768x768.png 768w, https://maisondelaphilo-romainville.org/wp-content/uploads/2025/09/Maison-des-retraites-0902-post-et-story-180x180.png 180w, https://maisondelaphilo-romainville.org/wp-content/uploads/2025/09/Maison-des-retraites-0902-post-et-story.png 1080w" sizes="auto, (max-width: 1024px) 100vw, 1024px" /></figure>



<figure class="wp-block-image size-large wp-container-content-5fd69529"><img loading="lazy" decoding="async" width="1024" height="1024" src="https://maisondelaphilo-romainville.org/wp-content/uploads/2025/09/Maison-des-retraites-0902-post-et-story-1-1024x1024.png" alt="" class="wp-image-6209" srcset="https://maisondelaphilo-romainville.org/wp-content/uploads/2025/09/Maison-des-retraites-0902-post-et-story-1-1024x1024.png 1024w, https://maisondelaphilo-romainville.org/wp-content/uploads/2025/09/Maison-des-retraites-0902-post-et-story-1-300x300.png 300w, https://maisondelaphilo-romainville.org/wp-content/uploads/2025/09/Maison-des-retraites-0902-post-et-story-1-150x150.png 150w, https://maisondelaphilo-romainville.org/wp-content/uploads/2025/09/Maison-des-retraites-0902-post-et-story-1-768x768.png 768w, https://maisondelaphilo-romainville.org/wp-content/uploads/2025/09/Maison-des-retraites-0902-post-et-story-1-180x180.png 180w, https://maisondelaphilo-romainville.org/wp-content/uploads/2025/09/Maison-des-retraites-0902-post-et-story-1.png 1080w" sizes="auto, (max-width: 1024px) 100vw, 1024px" /></figure>



<figure class="wp-block-image size-large"><img loading="lazy" decoding="async" width="1024" height="1024" src="https://maisondelaphilo-romainville.org/wp-content/uploads/2025/09/Maison-des-retraites-2203-post-et-story-1024x1024.png" alt="" class="wp-image-6210" srcset="https://maisondelaphilo-romainville.org/wp-content/uploads/2025/09/Maison-des-retraites-2203-post-et-story-1024x1024.png 1024w, https://maisondelaphilo-romainville.org/wp-content/uploads/2025/09/Maison-des-retraites-2203-post-et-story-300x300.png 300w, https://maisondelaphilo-romainville.org/wp-content/uploads/2025/09/Maison-des-retraites-2203-post-et-story-150x150.png 150w, https://maisondelaphilo-romainville.org/wp-content/uploads/2025/09/Maison-des-retraites-2203-post-et-story-768x768.png 768w, https://maisondelaphilo-romainville.org/wp-content/uploads/2025/09/Maison-des-retraites-2203-post-et-story-180x180.png 180w, https://maisondelaphilo-romainville.org/wp-content/uploads/2025/09/Maison-des-retraites-2203-post-et-story.png 1080w" sizes="auto, (max-width: 1024px) 100vw, 1024px" /></figure>



<figure class="wp-block-image size-large"><img loading="lazy" decoding="async" width="1024" height="1024" src="https://maisondelaphilo-romainville.org/wp-content/uploads/2025/09/Maison-des-retraites-2203-post-et-story-1-1024x1024.png" alt="" class="wp-image-6211" srcset="https://maisondelaphilo-romainville.org/wp-content/uploads/2025/09/Maison-des-retraites-2203-post-et-story-1-1024x1024.png 1024w, https://maisondelaphilo-romainville.org/wp-content/uploads/2025/09/Maison-des-retraites-2203-post-et-story-1-300x300.png 300w, https://maisondelaphilo-romainville.org/wp-content/uploads/2025/09/Maison-des-retraites-2203-post-et-story-1-150x150.png 150w, https://maisondelaphilo-romainville.org/wp-content/uploads/2025/09/Maison-des-retraites-2203-post-et-story-1-768x768.png 768w, https://maisondelaphilo-romainville.org/wp-content/uploads/2025/09/Maison-des-retraites-2203-post-et-story-1-180x180.png 180w, https://maisondelaphilo-romainville.org/wp-content/uploads/2025/09/Maison-des-retraites-2203-post-et-story-1.png 1080w" sizes="auto, (max-width: 1024px) 100vw, 1024px" /></figure>



<figure class="wp-block-image size-large"><img loading="lazy" decoding="async" width="1024" height="1024" src="https://maisondelaphilo-romainville.org/wp-content/uploads/2025/09/Maison-des-retraites-2604-post-et-story-1024x1024.png" alt="" class="wp-image-6212" srcset="https://maisondelaphilo-romainville.org/wp-content/uploads/2025/09/Maison-des-retraites-2604-post-et-story-1024x1024.png 1024w, https://maisondelaphilo-romainville.org/wp-content/uploads/2025/09/Maison-des-retraites-2604-post-et-story-300x300.png 300w, https://maisondelaphilo-romainville.org/wp-content/uploads/2025/09/Maison-des-retraites-2604-post-et-story-150x150.png 150w, https://maisondelaphilo-romainville.org/wp-content/uploads/2025/09/Maison-des-retraites-2604-post-et-story-768x768.png 768w, https://maisondelaphilo-romainville.org/wp-content/uploads/2025/09/Maison-des-retraites-2604-post-et-story-180x180.png 180w, https://maisondelaphilo-romainville.org/wp-content/uploads/2025/09/Maison-des-retraites-2604-post-et-story.png 1080w" sizes="auto, (max-width: 1024px) 100vw, 1024px" /></figure>



<figure class="wp-block-image size-large"><img loading="lazy" decoding="async" width="1024" height="1024" src="https://maisondelaphilo-romainville.org/wp-content/uploads/2025/09/Maison-des-retraites-2604-post-et-story-1-1024x1024.png" alt="" class="wp-image-6213" srcset="https://maisondelaphilo-romainville.org/wp-content/uploads/2025/09/Maison-des-retraites-2604-post-et-story-1-1024x1024.png 1024w, https://maisondelaphilo-romainville.org/wp-content/uploads/2025/09/Maison-des-retraites-2604-post-et-story-1-300x300.png 300w, https://maisondelaphilo-romainville.org/wp-content/uploads/2025/09/Maison-des-retraites-2604-post-et-story-1-150x150.png 150w, https://maisondelaphilo-romainville.org/wp-content/uploads/2025/09/Maison-des-retraites-2604-post-et-story-1-768x768.png 768w, https://maisondelaphilo-romainville.org/wp-content/uploads/2025/09/Maison-des-retraites-2604-post-et-story-1-180x180.png 180w, https://maisondelaphilo-romainville.org/wp-content/uploads/2025/09/Maison-des-retraites-2604-post-et-story-1.png 1080w" sizes="auto, (max-width: 1024px) 100vw, 1024px" /></figure>
</div>



<p></p>

<p>Philosopher, c’est prendre le temps de penser. C’est se retirer, pour un temps, du monde et de son agitation pour réfléchir. Une activité donc particulièrement propice à l’âge de la retraite ! Nous proposons donc un moment de philosophie à la Maison des retraité·es, un vendredi par mois. En un mot :• 1 vendredi par&hellip; <a href="https://maisondelaphilo-romainville.org/?page_id=1638" class="more-link">Continue reading <span class="screen-reader-text">Débats philo Maison des Retraités</span></a></p>
