{"id":2137,"date":"2020-09-10T13:44:07","date_gmt":"2020-09-10T12:44:07","guid":{"rendered":"https:\/\/maisondelaphiloromainvilledotorg.wordpress.com\/?page_id=2137"},"modified":"2025-12-17T17:37:09","modified_gmt":"2025-12-17T16:37:09","slug":"programme-cafe-philo","status":"publish","type":"page","link":"https:\/\/maisondelaphilo-romainville.org\/?page_id=2137","title":{"rendered":"Caf\u00e9-Philo"},"content":{"rendered":"\n<section class=\"wp-block-cover\" id=\"caf\u00e9-philo\"><img loading=\"lazy\" decoding=\"async\" width=\"1880\" height=\"1253\" class=\"wp-block-cover__image-background wp-image-5638\" alt=\"\" src=\"https:\/\/maisondelaphilo-romainville.org\/wp-content\/uploads\/2024\/09\/pexels-photo-4920855.jpeg\" data-object-fit=\"cover\" srcset=\"https:\/\/maisondelaphilo-romainville.org\/wp-content\/uploads\/2024\/09\/pexels-photo-4920855.jpeg 1880w, https:\/\/maisondelaphilo-romainville.org\/wp-content\/uploads\/2024\/09\/pexels-photo-4920855-300x200.jpeg 300w, https:\/\/maisondelaphilo-romainville.org\/wp-content\/uploads\/2024\/09\/pexels-photo-4920855-1024x682.jpeg 1024w, https:\/\/maisondelaphilo-romainville.org\/wp-content\/uploads\/2024\/09\/pexels-photo-4920855-768x512.jpeg 768w, https:\/\/maisondelaphilo-romainville.org\/wp-content\/uploads\/2024\/09\/pexels-photo-4920855-1536x1024.jpeg 1536w\" sizes=\"auto, (max-width: 1880px) 100vw, 1880px\" \/><span aria-hidden=\"true\" class=\"wp-block-cover__background has-black-background-color has-background-dim-40 has-background-dim\"><\/span><div class=\"wp-block-cover__inner-container is-layout-flow wp-block-cover-is-layout-flow\">\n<p class=\"has-text-align-center has-white-color has-text-color has-link-color has-x-large-font-size wp-elements-c52527ab20365f0df904fe72eda80b59\" id=\"Caf\u00e9philo\"><strong>Caf\u00e9 philo<\/strong><\/p>\n<\/div><\/section>\n\n\n\n<p class=\"has-medium-font-size\" id=\"Caf\u00e9philo\"><strong>Bien que la philosophie soit une affaire s\u00e9rieuse, il n\u2019est pas n\u00e9cessaire de s\u2019interdire toute convivialit\u00e9. Il est m\u00eame primordial de l\u2019ouvrir \u00e0 tou\u00b7te\u00b7s les citoyen\u00b7nes de la vie publique ! C\u2019est le principe des Caf\u00e9-philo : se rassembler pour explorer ensemble une question.<\/strong><\/p>\n\n\n\n<p class=\"has-medium-font-size\"><strong>Souvent, il s\u2019agit simplement d\u2019\u00e9changer nos points de vue et notre culture de fa\u00e7on libre. Mais \u00e0 la Maison de la Philo, nous appliquons une autre m\u00e9thode : l\u2019animateur.ice se fait l\u2019avocat.e d\u2019un philosophe de l\u2019Histoire et nourrit ainsi la discussion par l\u2019analyse d\u00e9taill\u00e9e d\u2019un.e penseur.euse. Cela permet de d\u00e9couvrir la culture philosophique de fa\u00e7on vivante et d\u00e9complex\u00e9e !<\/strong><\/p>\n\n\n\n<figure class=\"wp-block-image\"><img loading=\"lazy\" decoding=\"async\" width=\"736\" height=\"368\" src=\"https:\/\/maisondelaphilo-romainville.org\/wp-content\/uploads\/2024\/09\/cafc3a9-philo-1.webp\" alt=\"\" class=\"wp-image-5669\" srcset=\"https:\/\/maisondelaphilo-romainville.org\/wp-content\/uploads\/2024\/09\/cafc3a9-philo-1.webp 736w, https:\/\/maisondelaphilo-romainville.org\/wp-content\/uploads\/2024\/09\/cafc3a9-philo-1-300x150.webp 300w\" sizes=\"auto, (max-width: 736px) 100vw, 736px\" \/><\/figure>\n\n\n\n<p class=\"has-medium-font-size\"><strong>En un mot :<\/strong><br><strong>\u2022 Un samedi par mois \u00e0 16h<\/strong><br><strong>\u2022 Une m\u00e9thode pour d\u00e9couvrir&nbsp;de fa\u00e7on vivante la culture&nbsp;philosophique<\/strong><br><strong>\u2022 Un moment de partage&nbsp;collectif et d\u00e9complex\u00e9 !<\/strong><\/p>\n\n\n\n<div class=\"wp-block-group is-layout-grid wp-container-core-group-is-layout-8c0fce00 wp-block-group-is-layout-grid\">\n<figure class=\"wp-block-image size-large\"><img loading=\"lazy\" decoding=\"async\" width=\"1024\" height=\"1024\" src=\"https:\/\/maisondelaphilo-romainville.org\/wp-content\/uploads\/2025\/09\/Cafe-philo-2206-post-et-story-4-1024x1024.png\" alt=\"\" class=\"wp-image-6279\" srcset=\"https:\/\/maisondelaphilo-romainville.org\/wp-content\/uploads\/2025\/09\/Cafe-philo-2206-post-et-story-4-1024x1024.png 1024w, https:\/\/maisondelaphilo-romainville.org\/wp-content\/uploads\/2025\/09\/Cafe-philo-2206-post-et-story-4-300x300.png 300w, https:\/\/maisondelaphilo-romainville.org\/wp-content\/uploads\/2025\/09\/Cafe-philo-2206-post-et-story-4-150x150.png 150w, https:\/\/maisondelaphilo-romainville.org\/wp-content\/uploads\/2025\/09\/Cafe-philo-2206-post-et-story-4-768x768.png 768w, https:\/\/maisondelaphilo-romainville.org\/wp-content\/uploads\/2025\/09\/Cafe-philo-2206-post-et-story-4-180x180.png 180w, https:\/\/maisondelaphilo-romainville.org\/wp-content\/uploads\/2025\/09\/Cafe-philo-2206-post-et-story-4.png 1080w\" sizes=\"auto, (max-width: 1024px) 100vw, 1024px\" \/><\/figure>\n\n\n\n<figure class=\"wp-block-image size-large\"><img loading=\"lazy\" decoding=\"async\" width=\"1024\" height=\"1024\" src=\"https:\/\/maisondelaphilo-romainville.org\/wp-content\/uploads\/2025\/09\/Cafe-philo-2206-post-et-story-5-1024x1024.png\" alt=\"\" class=\"wp-image-6280\" srcset=\"https:\/\/maisondelaphilo-romainville.org\/wp-content\/uploads\/2025\/09\/Cafe-philo-2206-post-et-story-5-1024x1024.png 1024w, https:\/\/maisondelaphilo-romainville.org\/wp-content\/uploads\/2025\/09\/Cafe-philo-2206-post-et-story-5-300x300.png 300w, https:\/\/maisondelaphilo-romainville.org\/wp-content\/uploads\/2025\/09\/Cafe-philo-2206-post-et-story-5-150x150.png 150w, https:\/\/maisondelaphilo-romainville.org\/wp-content\/uploads\/2025\/09\/Cafe-philo-2206-post-et-story-5-768x768.png 768w, https:\/\/maisondelaphilo-romainville.org\/wp-content\/uploads\/2025\/09\/Cafe-philo-2206-post-et-story-5-180x180.png 180w, https:\/\/maisondelaphilo-romainville.org\/wp-content\/uploads\/2025\/09\/Cafe-philo-2206-post-et-story-5.png 1080w\" sizes=\"auto, (max-width: 1024px) 100vw, 1024px\" \/><\/figure>\n\n\n\n<figure class=\"wp-block-image size-large\"><img loading=\"lazy\" decoding=\"async\" width=\"1024\" height=\"1024\" src=\"https:\/\/maisondelaphilo-romainville.org\/wp-content\/uploads\/2025\/09\/Cafe-philo-2206-post-et-story-6-1024x1024.png\" alt=\"\" class=\"wp-image-6281\" srcset=\"https:\/\/maisondelaphilo-romainville.org\/wp-content\/uploads\/2025\/09\/Cafe-philo-2206-post-et-story-6-1024x1024.png 1024w, https:\/\/maisondelaphilo-romainville.org\/wp-content\/uploads\/2025\/09\/Cafe-philo-2206-post-et-story-6-300x300.png 300w, https:\/\/maisondelaphilo-romainville.org\/wp-content\/uploads\/2025\/09\/Cafe-philo-2206-post-et-story-6-150x150.png 150w, https:\/\/maisondelaphilo-romainville.org\/wp-content\/uploads\/2025\/09\/Cafe-philo-2206-post-et-story-6-768x768.png 768w, https:\/\/maisondelaphilo-romainville.org\/wp-content\/uploads\/2025\/09\/Cafe-philo-2206-post-et-story-6-180x180.png 180w, https:\/\/maisondelaphilo-romainville.org\/wp-content\/uploads\/2025\/09\/Cafe-philo-2206-post-et-story-6.png 1080w\" sizes=\"auto, (max-width: 1024px) 100vw, 1024px\" \/><\/figure>\n\n\n\n<figure class=\"wp-block-image size-large\"><img loading=\"lazy\" decoding=\"async\" width=\"1024\" height=\"1024\" src=\"https:\/\/maisondelaphilo-romainville.org\/wp-content\/uploads\/2025\/09\/Cafe-philo-2206-post-et-story-7-1024x1024.png\" alt=\"\" class=\"wp-image-6282\" srcset=\"https:\/\/maisondelaphilo-romainville.org\/wp-content\/uploads\/2025\/09\/Cafe-philo-2206-post-et-story-7-1024x1024.png 1024w, https:\/\/maisondelaphilo-romainville.org\/wp-content\/uploads\/2025\/09\/Cafe-philo-2206-post-et-story-7-300x300.png 300w, https:\/\/maisondelaphilo-romainville.org\/wp-content\/uploads\/2025\/09\/Cafe-philo-2206-post-et-story-7-150x150.png 150w, https:\/\/maisondelaphilo-romainville.org\/wp-content\/uploads\/2025\/09\/Cafe-philo-2206-post-et-story-7-768x768.png 768w, https:\/\/maisondelaphilo-romainville.org\/wp-content\/uploads\/2025\/09\/Cafe-philo-2206-post-et-story-7-180x180.png 180w, https:\/\/maisondelaphilo-romainville.org\/wp-content\/uploads\/2025\/09\/Cafe-philo-2206-post-et-story-7.png 1080w\" sizes=\"auto, (max-width: 1024px) 100vw, 1024px\" \/><\/figure>\n\n\n\n<figure class=\"wp-block-image size-large\"><img loading=\"lazy\" decoding=\"async\" width=\"1024\" height=\"1024\" src=\"https:\/\/maisondelaphilo-romainville.org\/wp-content\/uploads\/2025\/09\/Cafe-philo-2206-post-et-story-8-1024x1024.png\" alt=\"\" class=\"wp-image-6283\" srcset=\"https:\/\/maisondelaphilo-romainville.org\/wp-content\/uploads\/2025\/09\/Cafe-philo-2206-post-et-story-8-1024x1024.png 1024w, https:\/\/maisondelaphilo-romainville.org\/wp-content\/uploads\/2025\/09\/Cafe-philo-2206-post-et-story-8-300x300.png 300w, https:\/\/maisondelaphilo-romainville.org\/wp-content\/uploads\/2025\/09\/Cafe-philo-2206-post-et-story-8-150x150.png 150w, https:\/\/maisondelaphilo-romainville.org\/wp-content\/uploads\/2025\/09\/Cafe-philo-2206-post-et-story-8-768x768.png 768w, https:\/\/maisondelaphilo-romainville.org\/wp-content\/uploads\/2025\/09\/Cafe-philo-2206-post-et-story-8-180x180.png 180w, https:\/\/maisondelaphilo-romainville.org\/wp-content\/uploads\/2025\/09\/Cafe-philo-2206-post-et-story-8.png 1080w\" sizes=\"auto, (max-width: 1024px) 100vw, 1024px\" \/><\/figure>\n\n\n\n<figure class=\"wp-block-image size-large\"><img loading=\"lazy\" decoding=\"async\" width=\"1024\" height=\"1024\" src=\"https:\/\/maisondelaphilo-romainville.org\/wp-content\/uploads\/2025\/09\/Cafe-philo-2511-post-et-story-3-1024x1024.png\" alt=\"\" class=\"wp-image-6284\" srcset=\"https:\/\/maisondelaphilo-romainville.org\/wp-content\/uploads\/2025\/09\/Cafe-philo-2511-post-et-story-3-1024x1024.png 1024w, https:\/\/maisondelaphilo-romainville.org\/wp-content\/uploads\/2025\/09\/Cafe-philo-2511-post-et-story-3-300x300.png 300w, https:\/\/maisondelaphilo-romainville.org\/wp-content\/uploads\/2025\/09\/Cafe-philo-2511-post-et-story-3-150x150.png 150w, https:\/\/maisondelaphilo-romainville.org\/wp-content\/uploads\/2025\/09\/Cafe-philo-2511-post-et-story-3-768x768.png 768w, https:\/\/maisondelaphilo-romainville.org\/wp-content\/uploads\/2025\/09\/Cafe-philo-2511-post-et-story-3-180x180.png 180w, https:\/\/maisondelaphilo-romainville.org\/wp-content\/uploads\/2025\/09\/Cafe-philo-2511-post-et-story-3.png 1080w\" sizes=\"auto, (max-width: 1024px) 100vw, 1024px\" \/><\/figure>\n<\/div>\n\n\n\n<p><\/p>\n","protected":false},"excerpt":{"rendered":"<p>Bien que la philosophie soit une affaire s\u00e9rieuse, il n\u2019est pas n\u00e9cessaire de s\u2019interdire toute convivialit\u00e9. Il est m\u00eame primordial de l\u2019ouvrir \u00e0 tou\u00b7te\u00b7s les citoyen\u00b7nes de la vie publique ! C\u2019est le principe des Caf\u00e9-philo : se rassembler pour explorer ensemble une question. Souvent, il s\u2019agit simplement d\u2019\u00e9changer nos points de vue et notre&hellip; <a href=\"https:\/\/maisondelaphilo-romainville.org\/?page_id=2137\" class=\"more-link\">Continue reading <span class=\"screen-reader-text\">Caf\u00e9-Philo<\/span><\/a><\/p>\n","protected":false},"author":1,"featured_media":0,"parent":0,"menu_order":0,"comment_status":"closed","ping_status":"closed","template":"templates\/full-width-page.php","meta":{"iawp_total_views":196,"footnotes":""},"class_list":["post-2137","page","type-page","status-publish","hentry","without-featured-image"],"aioseo_notices":[],"_links":{"self":[{"href":"https:\/\/maisondelaphilo-romainville.org\/index.php?rest_route=\/wp\/v2\/pages\/2137","targetHints":{"allow":["GET"]}}],"collection":[{"href":"https:\/\/maisondelaphilo-romainville.org\/index.php?rest_route=\/wp\/v2\/pages"}],"about":[{"href":"https:\/\/maisondelaphilo-romainville.org\/index.php?rest_route=\/wp\/v2\/types\/page"}],"author":[{"embeddable":true,"href":"https:\/\/maisondelaphilo-romainville.org\/index.php?rest_route=\/wp\/v2\/users\/1"}],"replies":[{"embeddable":true,"href":"https:\/\/maisondelaphilo-romainville.org\/index.php?rest_route=%2Fwp%2Fv2%2Fcomments&post=2137"}],"version-history":[{"count":7,"href":"https:\/\/maisondelaphilo-romainville.org\/index.php?rest_route=\/wp\/v2\/pages\/2137\/revisions"}],"predecessor-version":[{"id":6379,"href":"https:\/\/maisondelaphilo-romainville.org\/index.php?rest_route=\/wp\/v2\/pages\/2137\/revisions\/6379"}],"wp:attachment":[{"href":"https:\/\/maisondelaphilo-romainville.org\/index.php?rest_route=%2Fwp%2Fv2%2Fmedia&parent=2137"}],"curies":[{"name":"wp","href":"https:\/\/api.w.org\/{rel}","templated":true}]}}

Café-Philo

<section class="wp-block-cover" id="café-philo"><img loading="lazy" decoding="async" width="1880" height="1253" class="wp-block-cover__image-background wp-image-5638" alt="" src="https://maisondelaphilo-romainville.org/wp-content/uploads/2024/09/pexels-photo-4920855.jpeg" data-object-fit="cover" srcset="https://maisondelaphilo-romainville.org/wp-content/uploads/2024/09/pexels-photo-4920855.jpeg 1880w, https://maisondelaphilo-romainville.org/wp-content/uploads/2024/09/pexels-photo-4920855-300x200.jpeg 300w, https://maisondelaphilo-romainville.org/wp-content/uploads/2024/09/pexels-photo-4920855-1024x682.jpeg 1024w, https://maisondelaphilo-romainville.org/wp-content/uploads/2024/09/pexels-photo-4920855-768x512.jpeg 768w, https://maisondelaphilo-romainville.org/wp-content/uploads/2024/09/pexels-photo-4920855-1536x1024.jpeg 1536w" sizes="auto, (max-width: 1880px) 100vw, 1880px" /><span aria-hidden="true" class="wp-block-cover__background has-black-background-color has-background-dim-40 has-background-dim"></span><div class="wp-block-cover__inner-container is-layout-flow wp-block-cover-is-layout-flow">
<p class="has-text-align-center has-white-color has-text-color has-link-color has-x-large-font-size wp-elements-c52527ab20365f0df904fe72eda80b59" id="Caféphilo"><strong>Café philo</strong></p>
</div></section>



<p class="has-medium-font-size" id="Caféphilo"><strong>Bien que la philosophie soit une affaire sérieuse, il n’est pas nécessaire de s’interdire toute convivialité. Il est même primordial de l’ouvrir à tou·te·s les citoyen·nes de la vie publique ! C’est le principe des Café-philo : se rassembler pour explorer ensemble une question.</strong></p>



<p class="has-medium-font-size"><strong>Souvent, il s’agit simplement d’échanger nos points de vue et notre culture de façon libre. Mais à la Maison de la Philo, nous appliquons une autre méthode : l’animateur.ice se fait l’avocat.e d’un philosophe de l’Histoire et nourrit ainsi la discussion par l’analyse détaillée d’un.e penseur.euse. Cela permet de découvrir la culture philosophique de façon vivante et décomplexée !</strong></p>



<figure class="wp-block-image"><img loading="lazy" decoding="async" width="736" height="368" src="https://maisondelaphilo-romainville.org/wp-content/uploads/2024/09/cafc3a9-philo-1.webp" alt="" class="wp-image-5669" srcset="https://maisondelaphilo-romainville.org/wp-content/uploads/2024/09/cafc3a9-philo-1.webp 736w, https://maisondelaphilo-romainville.org/wp-content/uploads/2024/09/cafc3a9-philo-1-300x150.webp 300w" sizes="auto, (max-width: 736px) 100vw, 736px" /></figure>



<p class="has-medium-font-size"><strong>En un mot :</strong><br><strong>• Un samedi par mois à 16h</strong><br><strong>• Une méthode pour découvrir&nbsp;de façon vivante la culture&nbsp;philosophique</strong><br><strong>• Un moment de partage&nbsp;collectif et décomplexé !</strong></p>



<div class="wp-block-group is-layout-grid wp-container-core-group-is-layout-8c0fce00 wp-block-group-is-layout-grid">
<figure class="wp-block-image size-large"><img loading="lazy" decoding="async" width="1024" height="1024" src="https://maisondelaphilo-romainville.org/wp-content/uploads/2025/09/Cafe-philo-2206-post-et-story-4-1024x1024.png" alt="" class="wp-image-6279" srcset="https://maisondelaphilo-romainville.org/wp-content/uploads/2025/09/Cafe-philo-2206-post-et-story-4-1024x1024.png 1024w, https://maisondelaphilo-romainville.org/wp-content/uploads/2025/09/Cafe-philo-2206-post-et-story-4-300x300.png 300w, https://maisondelaphilo-romainville.org/wp-content/uploads/2025/09/Cafe-philo-2206-post-et-story-4-150x150.png 150w, https://maisondelaphilo-romainville.org/wp-content/uploads/2025/09/Cafe-philo-2206-post-et-story-4-768x768.png 768w, https://maisondelaphilo-romainville.org/wp-content/uploads/2025/09/Cafe-philo-2206-post-et-story-4-180x180.png 180w, https://maisondelaphilo-romainville.org/wp-content/uploads/2025/09/Cafe-philo-2206-post-et-story-4.png 1080w" sizes="auto, (max-width: 1024px) 100vw, 1024px" /></figure>



<figure class="wp-block-image size-large"><img loading="lazy" decoding="async" width="1024" height="1024" src="https://maisondelaphilo-romainville.org/wp-content/uploads/2025/09/Cafe-philo-2206-post-et-story-5-1024x1024.png" alt="" class="wp-image-6280" srcset="https://maisondelaphilo-romainville.org/wp-content/uploads/2025/09/Cafe-philo-2206-post-et-story-5-1024x1024.png 1024w, https://maisondelaphilo-romainville.org/wp-content/uploads/2025/09/Cafe-philo-2206-post-et-story-5-300x300.png 300w, https://maisondelaphilo-romainville.org/wp-content/uploads/2025/09/Cafe-philo-2206-post-et-story-5-150x150.png 150w, https://maisondelaphilo-romainville.org/wp-content/uploads/2025/09/Cafe-philo-2206-post-et-story-5-768x768.png 768w, https://maisondelaphilo-romainville.org/wp-content/uploads/2025/09/Cafe-philo-2206-post-et-story-5-180x180.png 180w, https://maisondelaphilo-romainville.org/wp-content/uploads/2025/09/Cafe-philo-2206-post-et-story-5.png 1080w" sizes="auto, (max-width: 1024px) 100vw, 1024px" /></figure>



<figure class="wp-block-image size-large"><img loading="lazy" decoding="async" width="1024" height="1024" src="https://maisondelaphilo-romainville.org/wp-content/uploads/2025/09/Cafe-philo-2206-post-et-story-6-1024x1024.png" alt="" class="wp-image-6281" srcset="https://maisondelaphilo-romainville.org/wp-content/uploads/2025/09/Cafe-philo-2206-post-et-story-6-1024x1024.png 1024w, https://maisondelaphilo-romainville.org/wp-content/uploads/2025/09/Cafe-philo-2206-post-et-story-6-300x300.png 300w, https://maisondelaphilo-romainville.org/wp-content/uploads/2025/09/Cafe-philo-2206-post-et-story-6-150x150.png 150w, https://maisondelaphilo-romainville.org/wp-content/uploads/2025/09/Cafe-philo-2206-post-et-story-6-768x768.png 768w, https://maisondelaphilo-romainville.org/wp-content/uploads/2025/09/Cafe-philo-2206-post-et-story-6-180x180.png 180w, https://maisondelaphilo-romainville.org/wp-content/uploads/2025/09/Cafe-philo-2206-post-et-story-6.png 1080w" sizes="auto, (max-width: 1024px) 100vw, 1024px" /></figure>



<figure class="wp-block-image size-large"><img loading="lazy" decoding="async" width="1024" height="1024" src="https://maisondelaphilo-romainville.org/wp-content/uploads/2025/09/Cafe-philo-2206-post-et-story-7-1024x1024.png" alt="" class="wp-image-6282" srcset="https://maisondelaphilo-romainville.org/wp-content/uploads/2025/09/Cafe-philo-2206-post-et-story-7-1024x1024.png 1024w, https://maisondelaphilo-romainville.org/wp-content/uploads/2025/09/Cafe-philo-2206-post-et-story-7-300x300.png 300w, https://maisondelaphilo-romainville.org/wp-content/uploads/2025/09/Cafe-philo-2206-post-et-story-7-150x150.png 150w, https://maisondelaphilo-romainville.org/wp-content/uploads/2025/09/Cafe-philo-2206-post-et-story-7-768x768.png 768w, https://maisondelaphilo-romainville.org/wp-content/uploads/2025/09/Cafe-philo-2206-post-et-story-7-180x180.png 180w, https://maisondelaphilo-romainville.org/wp-content/uploads/2025/09/Cafe-philo-2206-post-et-story-7.png 1080w" sizes="auto, (max-width: 1024px) 100vw, 1024px" /></figure>



<figure class="wp-block-image size-large"><img loading="lazy" decoding="async" width="1024" height="1024" src="https://maisondelaphilo-romainville.org/wp-content/uploads/2025/09/Cafe-philo-2206-post-et-story-8-1024x1024.png" alt="" class="wp-image-6283" srcset="https://maisondelaphilo-romainville.org/wp-content/uploads/2025/09/Cafe-philo-2206-post-et-story-8-1024x1024.png 1024w, https://maisondelaphilo-romainville.org/wp-content/uploads/2025/09/Cafe-philo-2206-post-et-story-8-300x300.png 300w, https://maisondelaphilo-romainville.org/wp-content/uploads/2025/09/Cafe-philo-2206-post-et-story-8-150x150.png 150w, https://maisondelaphilo-romainville.org/wp-content/uploads/2025/09/Cafe-philo-2206-post-et-story-8-768x768.png 768w, https://maisondelaphilo-romainville.org/wp-content/uploads/2025/09/Cafe-philo-2206-post-et-story-8-180x180.png 180w, https://maisondelaphilo-romainville.org/wp-content/uploads/2025/09/Cafe-philo-2206-post-et-story-8.png 1080w" sizes="auto, (max-width: 1024px) 100vw, 1024px" /></figure>



<figure class="wp-block-image size-large"><img loading="lazy" decoding="async" width="1024" height="1024" src="https://maisondelaphilo-romainville.org/wp-content/uploads/2025/09/Cafe-philo-2511-post-et-story-3-1024x1024.png" alt="" class="wp-image-6284" srcset="https://maisondelaphilo-romainville.org/wp-content/uploads/2025/09/Cafe-philo-2511-post-et-story-3-1024x1024.png 1024w, https://maisondelaphilo-romainville.org/wp-content/uploads/2025/09/Cafe-philo-2511-post-et-story-3-300x300.png 300w, https://maisondelaphilo-romainville.org/wp-content/uploads/2025/09/Cafe-philo-2511-post-et-story-3-150x150.png 150w, https://maisondelaphilo-romainville.org/wp-content/uploads/2025/09/Cafe-philo-2511-post-et-story-3-768x768.png 768w, https://maisondelaphilo-romainville.org/wp-content/uploads/2025/09/Cafe-philo-2511-post-et-story-3-180x180.png 180w, https://maisondelaphilo-romainville.org/wp-content/uploads/2025/09/Cafe-philo-2511-post-et-story-3.png 1080w" sizes="auto, (max-width: 1024px) 100vw, 1024px" /></figure>
</div>



<p></p>

<p>Bien que la philosophie soit une affaire sérieuse, il n’est pas nécessaire de s’interdire toute convivialité. Il est même primordial de l’ouvrir à tou·te·s les citoyen·nes de la vie publique ! C’est le principe des Café-philo : se rassembler pour explorer ensemble une question. Souvent, il s’agit simplement d’échanger nos points de vue et notre&hellip; <a href="https://maisondelaphilo-romainville.org/?page_id=2137" class="more-link">Continue reading <span class="screen-reader-text">Café-Philo</span></a></p>
