{"id":4131,"date":"2023-09-29T16:43:25","date_gmt":"2023-09-29T14:43:25","guid":{"rendered":"https:\/\/maisondelaphiloromainvilledotorg.wordpress.com\/?page_id=4131"},"modified":"2026-04-16T10:59:48","modified_gmt":"2026-04-16T08:59:48","slug":"accueil","status":"publish","type":"page","link":"https:\/\/maisondelaphilo-romainville.org\/","title":{"rendered":"Accueil"},"content":{"rendered":"\n<div style=\"height:50px\" aria-hidden=\"true\" class=\"wp-block-spacer\"><\/div>\n\n\n\n<div class=\"wp-block-media-text has-media-on-the-right is-stacked-on-mobile\"><div class=\"wp-block-media-text__content\">\n<p class=\"has-text-align-right has-pale-pink-color has-text-color has-link-color has-medium-font-size wp-elements-ad5fd4567f75a557ce29dd21ee34edd7\"><span style=\"text-decoration: underline;\">D\u00e9bat Philo \u00e0 la Maison des retrait\u00e9\u00b7e\u00b7s<\/span><\/p>\n\n\n\n<p class=\"has-text-align-right\" style=\"font-size:18px\">Atelier philo \u00e0 partir de supports et d&#8217;exercices<\/p>\n\n\n\n<p class=\"has-text-align-right\">Vendredi 17 Avril, 10h-12h<br>Sur inscription aupr\u00e8s de la Maison des retrait\u00e9\u00b7e\u00b7s<\/p>\n<\/div><figure class=\"wp-block-media-text__media\"><img loading=\"lazy\" decoding=\"async\" width=\"1024\" height=\"1024\" src=\"https:\/\/maisondelaphilo-romainville.org\/wp-content\/uploads\/2026\/04\/Maison-des-retraites-2203-post-et-story-1024x1024.png\" alt=\"\" class=\"wp-image-6421 size-full\" srcset=\"https:\/\/maisondelaphilo-romainville.org\/wp-content\/uploads\/2026\/04\/Maison-des-retraites-2203-post-et-story-1024x1024.png 1024w, https:\/\/maisondelaphilo-romainville.org\/wp-content\/uploads\/2026\/04\/Maison-des-retraites-2203-post-et-story-300x300.png 300w, https:\/\/maisondelaphilo-romainville.org\/wp-content\/uploads\/2026\/04\/Maison-des-retraites-2203-post-et-story-150x150.png 150w, https:\/\/maisondelaphilo-romainville.org\/wp-content\/uploads\/2026\/04\/Maison-des-retraites-2203-post-et-story-768x768.png 768w, https:\/\/maisondelaphilo-romainville.org\/wp-content\/uploads\/2026\/04\/Maison-des-retraites-2203-post-et-story-180x180.png 180w, https:\/\/maisondelaphilo-romainville.org\/wp-content\/uploads\/2026\/04\/Maison-des-retraites-2203-post-et-story.png 1080w\" sizes=\"auto, (max-width: 1024px) 100vw, 1024px\" \/><\/figure><\/div>\n\n\n\n<div style=\"height:50px\" aria-hidden=\"true\" class=\"wp-block-spacer\"><\/div>\n\n\n\n<div class=\"wp-block-media-text is-stacked-on-mobile\"><figure class=\"wp-block-media-text__media\"><img loading=\"lazy\" decoding=\"async\" width=\"1024\" height=\"1024\" src=\"https:\/\/maisondelaphilo-romainville.org\/wp-content\/uploads\/2026\/04\/IPPIAS-8-2-1024x1024.png\" alt=\"\" class=\"wp-image-6416 size-full\" srcset=\"https:\/\/maisondelaphilo-romainville.org\/wp-content\/uploads\/2026\/04\/IPPIAS-8-2-1024x1024.png 1024w, https:\/\/maisondelaphilo-romainville.org\/wp-content\/uploads\/2026\/04\/IPPIAS-8-2-300x300.png 300w, https:\/\/maisondelaphilo-romainville.org\/wp-content\/uploads\/2026\/04\/IPPIAS-8-2-150x150.png 150w, https:\/\/maisondelaphilo-romainville.org\/wp-content\/uploads\/2026\/04\/IPPIAS-8-2-768x768.png 768w, https:\/\/maisondelaphilo-romainville.org\/wp-content\/uploads\/2026\/04\/IPPIAS-8-2-180x180.png 180w, https:\/\/maisondelaphilo-romainville.org\/wp-content\/uploads\/2026\/04\/IPPIAS-8-2.png 1080w\" sizes=\"auto, (max-width: 1024px) 100vw, 1024px\" \/><\/figure><div class=\"wp-block-media-text__content\">\n<p class=\"has-pale-pink-color has-text-color has-link-color has-medium-font-size wp-elements-33423a2f24ceb1e68d280c38c2aa5aae\"><span style=\"text-decoration: underline;\">IPPIAS<\/span><\/p>\n\n\n\n<p style=\"font-size:18px\">Groupe de r\u00e9flexion philosophique sur les enjeux climatiques<\/p>\n\n\n\n<p>Samedi 18 Avril, 13h-15h<br>Sur inscription<\/p>\n<\/div><\/div>\n\n\n\n<div style=\"height:50px\" aria-hidden=\"true\" class=\"wp-block-spacer\"><\/div>\n\n\n\n<div class=\"wp-block-media-text has-media-on-the-right is-stacked-on-mobile\"><div class=\"wp-block-media-text__content\">\n<p class=\"has-text-align-right has-vivid-green-cyan-color has-text-color has-link-color has-medium-font-size wp-elements-16dca9c413e2bcf6fb6817f4d9784129\"><span style=\"text-decoration: underline;\">Caf\u00e9-Philo musique<\/span><\/p>\n\n\n\n<p class=\"has-text-align-right\" style=\"font-size:18px\">Simone et Baldwin, deux voix de la libert\u00e9<\/p>\n\n\n\n<p class=\"has-text-align-right\">Aa conservatoire Nina Simone<\/p>\n\n\n\n<p class=\"has-text-align-right\">Samedi 23 Mai, 16h<br>Entr\u00e9e libre<\/p>\n<\/div><figure class=\"wp-block-media-text__media\"><img loading=\"lazy\" decoding=\"async\" width=\"1024\" height=\"1024\" src=\"https:\/\/maisondelaphilo-romainville.org\/wp-content\/uploads\/2026\/04\/Cafe-philo-2206-post-et-story-1-1024x1024.png\" alt=\"\" class=\"wp-image-6417 size-full\" srcset=\"https:\/\/maisondelaphilo-romainville.org\/wp-content\/uploads\/2026\/04\/Cafe-philo-2206-post-et-story-1-1024x1024.png 1024w, https:\/\/maisondelaphilo-romainville.org\/wp-content\/uploads\/2026\/04\/Cafe-philo-2206-post-et-story-1-300x300.png 300w, https:\/\/maisondelaphilo-romainville.org\/wp-content\/uploads\/2026\/04\/Cafe-philo-2206-post-et-story-1-150x150.png 150w, https:\/\/maisondelaphilo-romainville.org\/wp-content\/uploads\/2026\/04\/Cafe-philo-2206-post-et-story-1-768x768.png 768w, https:\/\/maisondelaphilo-romainville.org\/wp-content\/uploads\/2026\/04\/Cafe-philo-2206-post-et-story-1-180x180.png 180w, https:\/\/maisondelaphilo-romainville.org\/wp-content\/uploads\/2026\/04\/Cafe-philo-2206-post-et-story-1.png 1080w\" sizes=\"auto, (max-width: 1024px) 100vw, 1024px\" \/><\/figure><\/div>\n\n\n\n<div style=\"height:50px\" aria-hidden=\"true\" class=\"wp-block-spacer\"><\/div>\n\n\n\n<div class=\"wp-block-media-text is-stacked-on-mobile\" style=\"grid-template-columns:52% auto\"><figure class=\"wp-block-media-text__media\"><a href=\"https:\/\/maisondelaphilo-romainville.org\/?page_id=1519\"><img loading=\"lazy\" decoding=\"async\" width=\"1024\" height=\"399\" src=\"https:\/\/maisondelaphilo-romainville.org\/wp-content\/uploads\/2024\/10\/Logo-Eveil-philo-1024x399.png\" alt=\"\" class=\"wp-image-5762 size-full\" srcset=\"https:\/\/maisondelaphilo-romainville.org\/wp-content\/uploads\/2024\/10\/Logo-Eveil-philo-1024x399.png 1024w, https:\/\/maisondelaphilo-romainville.org\/wp-content\/uploads\/2024\/10\/Logo-Eveil-philo-300x117.png 300w, https:\/\/maisondelaphilo-romainville.org\/wp-content\/uploads\/2024\/10\/Logo-Eveil-philo-768x299.png 768w, https:\/\/maisondelaphilo-romainville.org\/wp-content\/uploads\/2024\/10\/Logo-Eveil-philo.png 1452w\" sizes=\"auto, (max-width: 1024px) 100vw, 1024px\" \/><\/a><\/figure><div class=\"wp-block-media-text__content\">\n<p class=\"has-text-align-left has-pale-pink-color has-text-color has-link-color has-medium-font-size wp-elements-344a5bbb1a7c4131eb99582342ebacc9\"><strong><span style=\"text-decoration: underline;\">Eveil Philo<\/span><\/strong><\/p>\n\n\n\n<p class=\"has-text-align-left\" style=\"font-size:18px\">Ateliers d&#8217;\u00e9veil \u00e0 la philosophie<\/p>\n\n\n\n<p class=\"has-text-align-left\" style=\"font-size:18px\"><strong>Une fois par mois, le mercredi ou le samedi \u00e0 15h30<\/strong><\/p>\n\n\n\n<ul class=\"wp-block-list\">\n<li class=\"has-cabin-font-family\"><strong>Mercredi 7 <\/strong>ou <strong>Samedi 10 Janvier<\/strong><\/li>\n\n\n\n<li class=\"has-cabin-font-family\"><strong>Mercredi 4<\/strong> ou <strong>Samedi 7 F\u00e9vrier<\/strong><\/li>\n\n\n\n<li class=\"has-cabin-font-family\"><strong>Mercredi 11<\/strong> ou <strong>Samedi 14 Mars<\/strong><\/li>\n<\/ul>\n<\/div><\/div>\n\n\n\n<div style=\"height:50px\" aria-hidden=\"true\" class=\"wp-block-spacer\"><\/div>\n\n\n\n<div class=\"wp-block-media-text has-media-on-the-right is-stacked-on-mobile\" style=\"grid-template-columns:auto 53%\"><div class=\"wp-block-media-text__content\">\n<p class=\"has-text-align-right has-vivid-green-cyan-color has-text-color has-link-color has-medium-font-size wp-elements-5b1a0261fde09e99aa45d1d1dba557cd\"><span style=\"text-decoration: underline;\"><strong><mark style=\"background-color:rgba(0, 0, 0, 0)\" class=\"has-inline-color has-vivid-green-cyan-color\">Rendez-vous des P&#8217;tits Philosophes<\/mark><\/strong><\/span><\/p>\n\n\n\n<p class=\"has-text-align-right\" style=\"font-size:18px\">Ateliers de Philosophie pour les enfants<\/p>\n\n\n\n<p>Premi\u00e8res s\u00e9ances les 1er et 4 Octobre<\/p>\n\n\n\n<ul class=\"wp-block-list\">\n<li class=\"has-cabin-font-family\" style=\"font-size:18px\"><strong><mark style=\"background-color:#fcb900\" class=\"has-inline-color\">6 &#8211; 8 ans<\/mark> : Mercredi, 10h30 &#8211; 12h<\/strong><br><\/li>\n\n\n\n<li class=\"has-cabin-font-family\" style=\"font-size:18px\"><strong><mark style=\"background-color:#fcb900\" class=\"has-inline-color\">8 &#8211; 11 ans <\/mark>: Mercredi 14h &#8211; 15h30 <\/strong><br><\/li>\n\n\n\n<li class=\"has-cabin-font-family\" style=\"font-size:18px\"><strong><mark style=\"background-color:#fcb900\" class=\"has-inline-color\">7 &#8211; 11 ans <\/mark>: Samedi, 11h &#8211; 12h30<\/strong><\/li>\n<\/ul>\n<\/div><figure class=\"wp-block-media-text__media\"><a href=\"https:\/\/maisondelaphilo-romainville.org\/?page_id=1464\"><img loading=\"lazy\" decoding=\"async\" width=\"1024\" height=\"468\" src=\"https:\/\/maisondelaphilo-romainville.org\/wp-content\/uploads\/2024\/07\/Logo-Ptits-Philosophes-1-1024x468.png\" alt=\"\" class=\"wp-image-5459 size-full\" srcset=\"https:\/\/maisondelaphilo-romainville.org\/wp-content\/uploads\/2024\/07\/Logo-Ptits-Philosophes-1-1024x468.png 1024w, https:\/\/maisondelaphilo-romainville.org\/wp-content\/uploads\/2024\/07\/Logo-Ptits-Philosophes-1-300x137.png 300w, https:\/\/maisondelaphilo-romainville.org\/wp-content\/uploads\/2024\/07\/Logo-Ptits-Philosophes-1-768x351.png 768w, https:\/\/maisondelaphilo-romainville.org\/wp-content\/uploads\/2024\/07\/Logo-Ptits-Philosophes-1.png 1311w\" sizes=\"auto, (max-width: 1024px) 100vw, 1024px\" \/><\/a><\/figure><\/div>\n\n\n\n<div style=\"height:50px\" aria-hidden=\"true\" class=\"wp-block-spacer\"><\/div>\n\n\n\n<div class=\"wp-block-media-text is-stacked-on-mobile\"><figure class=\"wp-block-media-text__media\"><a href=\"https:\/\/maisondelaphilo-romainville.org\/?page_id=2119\"><img loading=\"lazy\" decoding=\"async\" width=\"1024\" height=\"528\" src=\"https:\/\/maisondelaphilo-romainville.org\/wp-content\/uploads\/2024\/10\/Logo-Club-Ados-1024x528.png\" alt=\"\" class=\"wp-image-5775 size-full\" srcset=\"https:\/\/maisondelaphilo-romainville.org\/wp-content\/uploads\/2024\/10\/Logo-Club-Ados-1024x528.png 1024w, https:\/\/maisondelaphilo-romainville.org\/wp-content\/uploads\/2024\/10\/Logo-Club-Ados-300x155.png 300w, https:\/\/maisondelaphilo-romainville.org\/wp-content\/uploads\/2024\/10\/Logo-Club-Ados-768x396.png 768w, https:\/\/maisondelaphilo-romainville.org\/wp-content\/uploads\/2024\/10\/Logo-Club-Ados.png 1283w\" sizes=\"auto, (max-width: 1024px) 100vw, 1024px\" \/><\/a><\/figure><div class=\"wp-block-media-text__content\">\n<p class=\"has-text-align-left has-vivid-red-color has-text-color has-link-color has-medium-font-size wp-elements-bb7f488a93d1692ef000c160309d1bc7\"><strong><span style=\"text-decoration: underline;\">Club des jeunes penseurs<\/span><\/strong><\/p>\n\n\n\n<p class=\"has-text-align-left\" style=\"font-size:18px\">Rendez-vous d\u00e9di\u00e9 aux ados toutes les deux semaines ! <\/p>\n\n\n\n<p class=\"has-text-align-left has-medium-font-size\"><strong>Un vendredi sur deux <br>18h &#8211; 19h30<\/strong><\/p>\n<\/div><\/div>\n\n\n\n<div style=\"height:50px\" aria-hidden=\"true\" class=\"wp-block-spacer\"><\/div>\n\n\n\n<div class=\"wp-block-media-text has-media-on-the-right is-stacked-on-mobile\" style=\"grid-template-columns:auto 43%\"><div class=\"wp-block-media-text__content\">\n<p class=\"has-text-align-right has-vivid-red-color has-text-color has-link-color has-medium-font-size wp-elements-e8b58d049251feae99a1ba76f0fb2421\"><span style=\"text-decoration: underline;\"><strong>Think Tank IPPIAS<\/strong><\/span><\/p>\n\n\n\n<p class=\"has-text-align-right\" style=\"font-size:18px\">Groupe de r\u00e9flexion autour des enjeux climatiques et des moyens d&#8217;action \u00e0 imaginer<\/p>\n\n\n\n<p class=\"has-text-align-right\"><strong>Repas partag\u00e9 et atelier philo<\/strong><\/p>\n\n\n\n<p class=\"has-text-align-right\">Un samedi sur deux, 13h &#8211; 15h (voir programme)<\/p>\n\n\n\n<p class=\"has-text-align-right\"><mark style=\"background-color:#fcb900\" class=\"has-inline-color\"><strong>Adolescents et adultes<\/strong><\/mark><\/p>\n<\/div><figure class=\"wp-block-media-text__media\"><a href=\"https:\/\/maisondelaphilo-romainville.org\/?page_id=6172\"><img loading=\"lazy\" decoding=\"async\" width=\"606\" height=\"852\" src=\"https:\/\/maisondelaphilo-romainville.org\/wp-content\/uploads\/2024\/09\/Ippias-1.png\" alt=\"\" class=\"wp-image-5700 size-full\" srcset=\"https:\/\/maisondelaphilo-romainville.org\/wp-content\/uploads\/2024\/09\/Ippias-1.png 606w, https:\/\/maisondelaphilo-romainville.org\/wp-content\/uploads\/2024\/09\/Ippias-1-213x300.png 213w\" sizes=\"auto, (max-width: 606px) 100vw, 606px\" \/><\/a><\/figure><\/div>\n\n\n\n<div style=\"height:50px\" aria-hidden=\"true\" class=\"wp-block-spacer\"><\/div>\n\n\n\n<div class=\"wp-block-media-text\" style=\"grid-template-columns:48% auto\"><figure class=\"wp-block-media-text__media\"><a href=\"https:\/\/maisondelaphilo-romainville.org\/?page_id=4179\"><img loading=\"lazy\" decoding=\"async\" width=\"1024\" height=\"520\" src=\"https:\/\/maisondelaphilo-romainville.org\/wp-content\/uploads\/2024\/10\/Logo-philo-sur-le-pouce-1024x520.png\" alt=\"\" class=\"wp-image-5764 size-full\" srcset=\"https:\/\/maisondelaphilo-romainville.org\/wp-content\/uploads\/2024\/10\/Logo-philo-sur-le-pouce-1024x520.png 1024w, https:\/\/maisondelaphilo-romainville.org\/wp-content\/uploads\/2024\/10\/Logo-philo-sur-le-pouce-300x152.png 300w, https:\/\/maisondelaphilo-romainville.org\/wp-content\/uploads\/2024\/10\/Logo-philo-sur-le-pouce-768x390.png 768w, https:\/\/maisondelaphilo-romainville.org\/wp-content\/uploads\/2024\/10\/Logo-philo-sur-le-pouce-1536x780.png 1536w, https:\/\/maisondelaphilo-romainville.org\/wp-content\/uploads\/2024\/10\/Logo-philo-sur-le-pouce-1180x600.png 1180w, https:\/\/maisondelaphilo-romainville.org\/wp-content\/uploads\/2024\/10\/Logo-philo-sur-le-pouce.png 1650w\" sizes=\"auto, (max-width: 1024px) 100vw, 1024px\" \/><\/a><\/figure><div class=\"wp-block-media-text__content\">\n<p class=\"has-text-align-left has-medium-font-size\"><strong><a href=\"https:\/\/maisondelaphilo-romainville.org\/?page_id=4179\"><mark style=\"background-color:rgba(0, 0, 0, 0);color:#f622ba\" class=\"has-inline-color\">Accueil Philo sur le pouce<\/mark><\/a><\/strong><\/p>\n\n\n\n<p class=\"has-text-align-left\" style=\"font-size:18px\">La Maison de la Philo est ouverte au public du Mardi au Samedi, de 14h \u00e0 18h<\/p>\n<\/div><\/div>\n\n\n\n<div style=\"height:50px\" aria-hidden=\"true\" class=\"wp-block-spacer\"><\/div>\n\n\n\n<div class=\"wp-block-media-text has-media-on-the-right is-stacked-on-mobile is-vertically-aligned-center\" style=\"grid-template-columns:auto 43%\"><div class=\"wp-block-media-text__content\">\n<p class=\"has-text-align-right has-medium-font-size\"><strong><mark style=\"background-color:rgba(0, 0, 0, 0)\" class=\"has-inline-color has-luminous-vivid-orange-color\"><span style=\"text-decoration: underline;\">Suivez-nous sur les r\u00e9seaux sociaux ! <\/span><\/mark><\/strong><\/p>\n\n\n\n<p class=\"has-text-align-right has-cabin-font-family\" style=\"font-size:18px\">La Maison de la Philo est pr\u00e9sente sur <a href=\"https:\/\/www.facebook.com\/profile.php?id=61553872209837\" target=\"_blank\" rel=\"noopener\" title=\"\">Facebook <\/a>et <a href=\"https:\/\/www.instagram.com\/maisondelaphilo93230\/\" target=\"_blank\" rel=\"noopener\" title=\"\">Instagram <\/a>! N&#8217;h\u00e9sitez pas \u00e0 nous y suivre pour \u00eatre au courant des actualit\u00e9s les plus r\u00e9centes, des \u00e9v\u00e9nements \u00e0 venir et d\u00e9couvrir nos activit\u00e9s chaque semaine.<\/p>\n\n\n\n<ul class=\"wp-block-social-links aligncenter has-large-icon-size is-content-justification-right is-layout-flex wp-container-core-social-links-is-layout-765c4724 wp-block-social-links-is-layout-flex\"><li class=\"wp-social-link wp-social-link-facebook  wp-block-social-link\"><a href=\"https:\/\/www.facebook.com\/profile.php?id=61553872209837\" class=\"wp-block-social-link-anchor\"><svg width=\"24\" height=\"24\" viewBox=\"0 0 24 24\" version=\"1.1\" xmlns=\"http:\/\/www.w3.org\/2000\/svg\" aria-hidden=\"true\" focusable=\"false\"><path d=\"M12 2C6.5 2 2 6.5 2 12c0 5 3.7 9.1 8.4 9.9v-7H7.9V12h2.5V9.8c0-2.5 1.5-3.9 3.8-3.9 1.1 0 2.2.2 2.2.2v2.5h-1.3c-1.2 0-1.6.8-1.6 1.6V12h2.8l-.4 2.9h-2.3v7C18.3 21.1 22 17 22 12c0-5.5-4.5-10-10-10z\"><\/path><\/svg><span class=\"wp-block-social-link-label screen-reader-text\">Facebook<\/span><\/a><\/li>\n\n<li class=\"wp-social-link wp-social-link-instagram  wp-block-social-link\"><a href=\"https:\/\/www.instagram.com\/maisondelaphilo93230\/\" class=\"wp-block-social-link-anchor\"><svg width=\"24\" height=\"24\" viewBox=\"0 0 24 24\" version=\"1.1\" xmlns=\"http:\/\/www.w3.org\/2000\/svg\" aria-hidden=\"true\" focusable=\"false\"><path d=\"M12,4.622c2.403,0,2.688,0.009,3.637,0.052c0.877,0.04,1.354,0.187,1.671,0.31c0.42,0.163,0.72,0.358,1.035,0.673 c0.315,0.315,0.51,0.615,0.673,1.035c0.123,0.317,0.27,0.794,0.31,1.671c0.043,0.949,0.052,1.234,0.052,3.637 s-0.009,2.688-0.052,3.637c-0.04,0.877-0.187,1.354-0.31,1.671c-0.163,0.42-0.358,0.72-0.673,1.035 c-0.315,0.315-0.615,0.51-1.035,0.673c-0.317,0.123-0.794,0.27-1.671,0.31c-0.949,0.043-1.233,0.052-3.637,0.052 s-2.688-0.009-3.637-0.052c-0.877-0.04-1.354-0.187-1.671-0.31c-0.42-0.163-0.72-0.358-1.035-0.673 c-0.315-0.315-0.51-0.615-0.673-1.035c-0.123-0.317-0.27-0.794-0.31-1.671C4.631,14.688,4.622,14.403,4.622,12 s0.009-2.688,0.052-3.637c0.04-0.877,0.187-1.354,0.31-1.671c0.163-0.42,0.358-0.72,0.673-1.035 c0.315-0.315,0.615-0.51,1.035-0.673c0.317-0.123,0.794-0.27,1.671-0.31C9.312,4.631,9.597,4.622,12,4.622 M12,3 C9.556,3,9.249,3.01,8.289,3.054C7.331,3.098,6.677,3.25,6.105,3.472C5.513,3.702,5.011,4.01,4.511,4.511 c-0.5,0.5-0.808,1.002-1.038,1.594C3.25,6.677,3.098,7.331,3.054,8.289C3.01,9.249,3,9.556,3,12c0,2.444,0.01,2.751,0.054,3.711 c0.044,0.958,0.196,1.612,0.418,2.185c0.23,0.592,0.538,1.094,1.038,1.594c0.5,0.5,1.002,0.808,1.594,1.038 c0.572,0.222,1.227,0.375,2.185,0.418C9.249,20.99,9.556,21,12,21s2.751-0.01,3.711-0.054c0.958-0.044,1.612-0.196,2.185-0.418 c0.592-0.23,1.094-0.538,1.594-1.038c0.5-0.5,0.808-1.002,1.038-1.594c0.222-0.572,0.375-1.227,0.418-2.185 C20.99,14.751,21,14.444,21,12s-0.01-2.751-0.054-3.711c-0.044-0.958-0.196-1.612-0.418-2.185c-0.23-0.592-0.538-1.094-1.038-1.594 c-0.5-0.5-1.002-0.808-1.594-1.038c-0.572-0.222-1.227-0.375-2.185-0.418C14.751,3.01,14.444,3,12,3L12,3z M12,7.378 c-2.552,0-4.622,2.069-4.622,4.622S9.448,16.622,12,16.622s4.622-2.069,4.622-4.622S14.552,7.378,12,7.378z M12,15 c-1.657,0-3-1.343-3-3s1.343-3,3-3s3,1.343,3,3S13.657,15,12,15z M16.804,6.116c-0.596,0-1.08,0.484-1.08,1.08 s0.484,1.08,1.08,1.08c0.596,0,1.08-0.484,1.08-1.08S17.401,6.116,16.804,6.116z\"><\/path><\/svg><span class=\"wp-block-social-link-label screen-reader-text\">Instagram<\/span><\/a><\/li><\/ul>\n<\/div><figure class=\"wp-block-media-text__media\"><a href=\"https:\/\/www.instagram.com\/maisondelaphilo93230\/\"><img loading=\"lazy\" decoding=\"async\" width=\"820\" height=\"435\" src=\"https:\/\/maisondelaphilo-romainville.org\/wp-content\/uploads\/2023\/12\/0-4676_facebook-and-instagram-logo-png-facebook-instagram-logo.jpg\" alt=\"\" class=\"wp-image-5048 size-full\" srcset=\"https:\/\/maisondelaphilo-romainville.org\/wp-content\/uploads\/2023\/12\/0-4676_facebook-and-instagram-logo-png-facebook-instagram-logo.jpg 820w, https:\/\/maisondelaphilo-romainville.org\/wp-content\/uploads\/2023\/12\/0-4676_facebook-and-instagram-logo-png-facebook-instagram-logo-300x159.jpg 300w, https:\/\/maisondelaphilo-romainville.org\/wp-content\/uploads\/2023\/12\/0-4676_facebook-and-instagram-logo-png-facebook-instagram-logo-768x407.jpg 768w\" sizes=\"auto, (max-width: 820px) 100vw, 820px\" \/><\/a><\/figure><\/div>\n\n\n\n<p><\/p>\n","protected":false},"excerpt":{"rendered":"<p>D\u00e9bat Philo \u00e0 la Maison des retrait\u00e9\u00b7e\u00b7s Atelier philo \u00e0 partir de supports et d&#8217;exercices Vendredi 17 Avril, 10h-12hSur inscription aupr\u00e8s de la Maison des retrait\u00e9\u00b7e\u00b7s IPPIAS Groupe de r\u00e9flexion philosophique sur les enjeux climatiques Samedi 18 Avril, 13h-15hSur inscription Caf\u00e9-Philo musique Simone et Baldwin, deux voix de la libert\u00e9 Aa conservatoire Nina Simone Samedi&hellip; <a href=\"https:\/\/maisondelaphilo-romainville.org\/\" class=\"more-link\">Continue reading <span class=\"screen-reader-text\">Accueil<\/span><\/a><\/p>\n","protected":false},"author":1,"featured_media":0,"parent":0,"menu_order":0,"comment_status":"closed","ping_status":"closed","template":"templates\/full-width-page.php","meta":{"iawp_total_views":10782,"footnotes":""},"class_list":["post-4131","page","type-page","status-publish","hentry","without-featured-image"],"aioseo_notices":[],"_links":{"self":[{"href":"https:\/\/maisondelaphilo-romainville.org\/index.php?rest_route=\/wp\/v2\/pages\/4131","targetHints":{"allow":["GET"]}}],"collection":[{"href":"https:\/\/maisondelaphilo-romainville.org\/index.php?rest_route=\/wp\/v2\/pages"}],"about":[{"href":"https:\/\/maisondelaphilo-romainville.org\/index.php?rest_route=\/wp\/v2\/types\/page"}],"author":[{"embeddable":true,"href":"https:\/\/maisondelaphilo-romainville.org\/index.php?rest_route=\/wp\/v2\/users\/1"}],"replies":[{"embeddable":true,"href":"https:\/\/maisondelaphilo-romainville.org\/index.php?rest_route=%2Fwp%2Fv2%2Fcomments&post=4131"}],"version-history":[{"count":209,"href":"https:\/\/maisondelaphilo-romainville.org\/index.php?rest_route=\/wp\/v2\/pages\/4131\/revisions"}],"predecessor-version":[{"id":6422,"href":"https:\/\/maisondelaphilo-romainville.org\/index.php?rest_route=\/wp\/v2\/pages\/4131\/revisions\/6422"}],"wp:attachment":[{"href":"https:\/\/maisondelaphilo-romainville.org\/index.php?rest_route=%2Fwp%2Fv2%2Fmedia&parent=4131"}],"curies":[{"name":"wp","href":"https:\/\/api.w.org\/{rel}","templated":true}]}}