{"id":4879,"date":"2023-11-15T21:17:34","date_gmt":"2023-11-15T20:17:34","guid":{"rendered":"https:\/\/maisondelaphilo-romainville.org\/?page_id=4879"},"modified":"2024-10-30T16:11:31","modified_gmt":"2024-10-30T15:11:31","slug":"1001-maisons-de-la-philo","status":"publish","type":"page","link":"https:\/\/maisondelaphilo-romainville.org\/?page_id=4879","title":{"rendered":"1001 Maisons de la Philo"},"content":{"rendered":"\n<figure class=\"wp-block-image size-large\"><img loading=\"lazy\" decoding=\"async\" width=\"1024\" height=\"512\" src=\"https:\/\/maisondelaphilo-romainville.org\/wp-content\/uploads\/2024\/06\/447888931_122146764002114710_4742622316056039610_n-1024x512.jpg\" alt=\"\" class=\"wp-image-5223\" srcset=\"https:\/\/maisondelaphilo-romainville.org\/wp-content\/uploads\/2024\/06\/447888931_122146764002114710_4742622316056039610_n-1024x512.jpg 1024w, https:\/\/maisondelaphilo-romainville.org\/wp-content\/uploads\/2024\/06\/447888931_122146764002114710_4742622316056039610_n-300x150.jpg 300w, https:\/\/maisondelaphilo-romainville.org\/wp-content\/uploads\/2024\/06\/447888931_122146764002114710_4742622316056039610_n-768x384.jpg 768w, https:\/\/maisondelaphilo-romainville.org\/wp-content\/uploads\/2024\/06\/447888931_122146764002114710_4742622316056039610_n-1536x768.jpg 1536w, https:\/\/maisondelaphilo-romainville.org\/wp-content\/uploads\/2024\/06\/447888931_122146764002114710_4742622316056039610_n-2048x1024.jpg 2048w\" sizes=\"auto, (max-width: 1024px) 100vw, 1024px\" \/><\/figure>\n\n\n\n<p class=\"has-text-align-center has-medium-font-size\">Vous souhaitez <strong>b\u00e2tir une Maison de la Philo<\/strong> dans votre ville, ou bien vous \u00eates int\u00e9ress\u00e9.e.s par le projet ? Nous vous invitons \u00e0 d\u00e9couvrir l&#8217;association <strong><mark style=\"background-color:rgba(0, 0, 0, 0)\" class=\"has-inline-color has-luminous-vivid-amber-color\"><a href=\"https:\/\/www.1001maisonsdelaphilo.org\/\" title=\"\">1001 Maisons de la Philo<\/a><\/mark> <\/strong>! Cette initiative port\u00e9e par Johanna Hawken, responsable de la Maison de la Philo, a pour objectif de <strong>f\u00e9d\u00e9rer les diff\u00e9rentes structures et personnes qui veulent s&#8217;inspirer de ce qui se fait \u00e0 Romainville<\/strong>. En mutualisant les savoirs et les comp\u00e9tences, en cr\u00e9ant un r\u00e9seau partout en France et dans la francophonie, 1001 Maisons de la Philo cherche \u00e0 promouvoir et \u00e0 faciliter l&#8217;ouverture de lieux d\u00e9di\u00e9s \u00e0 la pratique de la Philosophie.<\/p>\n\n\n\n<p class=\"has-text-align-center has-medium-font-size\">Pour plus d&#8217;informations, rendez-vous sur Facebook ou Instagram : <\/p>\n\n\n\n<ul class=\"wp-block-social-links aligncenter has-huge-icon-size is-style-pill-shape is-content-justification-center is-layout-flex wp-container-core-social-links-is-layout-16018d1d wp-block-social-links-is-layout-flex\"><li class=\"wp-social-link wp-social-link-facebook  wp-block-social-link\"><a rel=\"noopener nofollow\" target=\"_blank\" href=\"https:\/\/www.facebook.com\/people\/1001-Maisons-de-la-Philo\/61553441313838\/\" class=\"wp-block-social-link-anchor\"><svg width=\"24\" height=\"24\" viewBox=\"0 0 24 24\" version=\"1.1\" xmlns=\"http:\/\/www.w3.org\/2000\/svg\" aria-hidden=\"true\" focusable=\"false\"><path d=\"M12 2C6.5 2 2 6.5 2 12c0 5 3.7 9.1 8.4 9.9v-7H7.9V12h2.5V9.8c0-2.5 1.5-3.9 3.8-3.9 1.1 0 2.2.2 2.2.2v2.5h-1.3c-1.2 0-1.6.8-1.6 1.6V12h2.8l-.4 2.9h-2.3v7C18.3 21.1 22 17 22 12c0-5.5-4.5-10-10-10z\"><\/path><\/svg><span class=\"wp-block-social-link-label screen-reader-text\">Facebook<\/span><\/a><\/li>\n\n<li class=\"wp-social-link wp-social-link-instagram  wp-block-social-link\"><a rel=\"noopener nofollow\" target=\"_blank\" href=\"https:\/\/www.instagram.com\/1001maisonsphilo\/\" class=\"wp-block-social-link-anchor\"><svg width=\"24\" height=\"24\" viewBox=\"0 0 24 24\" version=\"1.1\" xmlns=\"http:\/\/www.w3.org\/2000\/svg\" aria-hidden=\"true\" focusable=\"false\"><path d=\"M12,4.622c2.403,0,2.688,0.009,3.637,0.052c0.877,0.04,1.354,0.187,1.671,0.31c0.42,0.163,0.72,0.358,1.035,0.673 c0.315,0.315,0.51,0.615,0.673,1.035c0.123,0.317,0.27,0.794,0.31,1.671c0.043,0.949,0.052,1.234,0.052,3.637 s-0.009,2.688-0.052,3.637c-0.04,0.877-0.187,1.354-0.31,1.671c-0.163,0.42-0.358,0.72-0.673,1.035 c-0.315,0.315-0.615,0.51-1.035,0.673c-0.317,0.123-0.794,0.27-1.671,0.31c-0.949,0.043-1.233,0.052-3.637,0.052 s-2.688-0.009-3.637-0.052c-0.877-0.04-1.354-0.187-1.671-0.31c-0.42-0.163-0.72-0.358-1.035-0.673 c-0.315-0.315-0.51-0.615-0.673-1.035c-0.123-0.317-0.27-0.794-0.31-1.671C4.631,14.688,4.622,14.403,4.622,12 s0.009-2.688,0.052-3.637c0.04-0.877,0.187-1.354,0.31-1.671c0.163-0.42,0.358-0.72,0.673-1.035 c0.315-0.315,0.615-0.51,1.035-0.673c0.317-0.123,0.794-0.27,1.671-0.31C9.312,4.631,9.597,4.622,12,4.622 M12,3 C9.556,3,9.249,3.01,8.289,3.054C7.331,3.098,6.677,3.25,6.105,3.472C5.513,3.702,5.011,4.01,4.511,4.511 c-0.5,0.5-0.808,1.002-1.038,1.594C3.25,6.677,3.098,7.331,3.054,8.289C3.01,9.249,3,9.556,3,12c0,2.444,0.01,2.751,0.054,3.711 c0.044,0.958,0.196,1.612,0.418,2.185c0.23,0.592,0.538,1.094,1.038,1.594c0.5,0.5,1.002,0.808,1.594,1.038 c0.572,0.222,1.227,0.375,2.185,0.418C9.249,20.99,9.556,21,12,21s2.751-0.01,3.711-0.054c0.958-0.044,1.612-0.196,2.185-0.418 c0.592-0.23,1.094-0.538,1.594-1.038c0.5-0.5,0.808-1.002,1.038-1.594c0.222-0.572,0.375-1.227,0.418-2.185 C20.99,14.751,21,14.444,21,12s-0.01-2.751-0.054-3.711c-0.044-0.958-0.196-1.612-0.418-2.185c-0.23-0.592-0.538-1.094-1.038-1.594 c-0.5-0.5-1.002-0.808-1.594-1.038c-0.572-0.222-1.227-0.375-2.185-0.418C14.751,3.01,14.444,3,12,3L12,3z M12,7.378 c-2.552,0-4.622,2.069-4.622,4.622S9.448,16.622,12,16.622s4.622-2.069,4.622-4.622S14.552,7.378,12,7.378z M12,15 c-1.657,0-3-1.343-3-3s1.343-3,3-3s3,1.343,3,3S13.657,15,12,15z M16.804,6.116c-0.596,0-1.08,0.484-1.08,1.08 s0.484,1.08,1.08,1.08c0.596,0,1.08-0.484,1.08-1.08S17.401,6.116,16.804,6.116z\"><\/path><\/svg><span class=\"wp-block-social-link-label screen-reader-text\">Instagram<\/span><\/a><\/li><\/ul>\n\n\n\n<p class=\"has-text-align-center has-medium-font-size\">Ou bien sur <a href=\"https:\/\/www.1001maisonsdelaphilo.org\/\" title=\"\">le site de l&#8217;association<\/a> : <\/p>\n\n\n\n<p class=\"has-text-align-center has-large-font-size\"><a href=\"https:\/\/www.1001maisonsdelaphilo.org\/\" title=\"\"><strong>1001 Maisons de la Philo <\/strong><\/a><\/p>\n","protected":false},"excerpt":{"rendered":"<p>Vous souhaitez b\u00e2tir une Maison de la Philo dans votre ville, ou bien vous \u00eates int\u00e9ress\u00e9.e.s par le projet ? Nous vous invitons \u00e0 d\u00e9couvrir l&#8217;association 1001 Maisons de la Philo ! Cette initiative port\u00e9e par Johanna Hawken, responsable de la Maison de la Philo, a pour objectif de f\u00e9d\u00e9rer les diff\u00e9rentes structures et personnes&hellip; <a href=\"https:\/\/maisondelaphilo-romainville.org\/?page_id=4879\" class=\"more-link\">Continue reading <span class=\"screen-reader-text\">1001 Maisons de la Philo<\/span><\/a><\/p>\n","protected":false},"author":1,"featured_media":0,"parent":0,"menu_order":0,"comment_status":"closed","ping_status":"closed","template":"templates\/full-width-page.php","meta":{"iawp_total_views":868,"footnotes":""},"class_list":["post-4879","page","type-page","status-publish","hentry","without-featured-image"],"aioseo_notices":[],"_links":{"self":[{"href":"https:\/\/maisondelaphilo-romainville.org\/index.php?rest_route=\/wp\/v2\/pages\/4879","targetHints":{"allow":["GET"]}}],"collection":[{"href":"https:\/\/maisondelaphilo-romainville.org\/index.php?rest_route=\/wp\/v2\/pages"}],"about":[{"href":"https:\/\/maisondelaphilo-romainville.org\/index.php?rest_route=\/wp\/v2\/types\/page"}],"author":[{"embeddable":true,"href":"https:\/\/maisondelaphilo-romainville.org\/index.php?rest_route=\/wp\/v2\/users\/1"}],"replies":[{"embeddable":true,"href":"https:\/\/maisondelaphilo-romainville.org\/index.php?rest_route=%2Fwp%2Fv2%2Fcomments&post=4879"}],"version-history":[{"count":5,"href":"https:\/\/maisondelaphilo-romainville.org\/index.php?rest_route=\/wp\/v2\/pages\/4879\/revisions"}],"predecessor-version":[{"id":5224,"href":"https:\/\/maisondelaphilo-romainville.org\/index.php?rest_route=\/wp\/v2\/pages\/4879\/revisions\/5224"}],"wp:attachment":[{"href":"https:\/\/maisondelaphilo-romainville.org\/index.php?rest_route=%2Fwp%2Fv2%2Fmedia&parent=4879"}],"curies":[{"name":"wp","href":"https:\/\/api.w.org\/{rel}","templated":true}]}}