{"id":5119,"date":"2024-01-24T08:36:05","date_gmt":"2024-01-24T07:36:05","guid":{"rendered":"https:\/\/maisondelaphilo-romainville.org\/?page_id=5119"},"modified":"2026-03-10T12:08:19","modified_gmt":"2026-03-10T11:08:19","slug":"conferences","status":"publish","type":"page","link":"https:\/\/maisondelaphilo-romainville.org\/?page_id=5119","title":{"rendered":"Conf\u00e9rences"},"content":{"rendered":"\n<div class=\"wp-block-group has-cabin-font-family\"><div class=\"wp-block-group__inner-container is-layout-constrained wp-block-group-is-layout-constrained\">\n<div class=\"wp-block-media-text is-stacked-on-mobile\"><figure class=\"wp-block-media-text__media\"><img loading=\"lazy\" decoding=\"async\" width=\"1024\" height=\"768\" src=\"https:\/\/maisondelaphilo-romainville.org\/wp-content\/uploads\/2024\/09\/20240511_161640-1-1024x768.jpg\" alt=\"\" class=\"wp-image-5634 size-full\" srcset=\"https:\/\/maisondelaphilo-romainville.org\/wp-content\/uploads\/2024\/09\/20240511_161640-1-1024x768.jpg 1024w, https:\/\/maisondelaphilo-romainville.org\/wp-content\/uploads\/2024\/09\/20240511_161640-1-300x225.jpg 300w, https:\/\/maisondelaphilo-romainville.org\/wp-content\/uploads\/2024\/09\/20240511_161640-1-768x576.jpg 768w, https:\/\/maisondelaphilo-romainville.org\/wp-content\/uploads\/2024\/09\/20240511_161640-1-1536x1152.jpg 1536w, https:\/\/maisondelaphilo-romainville.org\/wp-content\/uploads\/2024\/09\/20240511_161640-1-2048x1536.jpg 2048w\" sizes=\"auto, (max-width: 1024px) 100vw, 1024px\" \/><\/figure><div class=\"wp-block-media-text__content\">\n<p class=\"has-x-large-font-size\"><strong>Conf\u00e9rences<\/strong><\/p>\n<\/div><\/div>\n\n\n\n<p class=\"has-cabin-font-family has-medium-font-size\"><strong>La philosophie est \u00e0 la port\u00e9e de tous, et l\u2019Histoire de la philosophie l\u2019est aussi. C\u2019est aussi de cette conviction que nous organisons une fois par trimestre, des conf\u00e9rences d\u00e9di\u00e9es aux philosophes contemporain.e.s. Avec eux, nous tentons de montrer que la philosophie est un champ de recherche vif et actuel, \u00e0 la pointe de la contemporan\u00e9it\u00e9 !<\/strong><\/p>\n\n\n\n<div class=\"wp-block-media-text has-media-on-the-right is-stacked-on-mobile\"><div class=\"wp-block-media-text__content\">\n<p class=\"has-medium-font-size\"><strong>\u2022 Un Vendredi par trimestre \u00e0 18h<\/strong><br><strong>\u2022 Une rencontre interactive avec un.e philosophe contemporain.e<\/strong><br><strong>\u2022 Un accueil enfants (\u00e0 partir de 7 ans) pendant les conf\u00e9rences, sur inscription: maisondelaphilo@ville-romainville.fr.<\/strong><\/p>\n<\/div><figure class=\"wp-block-media-text__media\"><img loading=\"lazy\" decoding=\"async\" width=\"457\" height=\"601\" src=\"https:\/\/maisondelaphilo-romainville.org\/wp-content\/uploads\/2024\/09\/capturemariegarreau-1.webp\" alt=\"\" class=\"wp-image-5672 size-full\" srcset=\"https:\/\/maisondelaphilo-romainville.org\/wp-content\/uploads\/2024\/09\/capturemariegarreau-1.webp 457w, https:\/\/maisondelaphilo-romainville.org\/wp-content\/uploads\/2024\/09\/capturemariegarreau-1-228x300.webp 228w\" sizes=\"auto, (max-width: 457px) 100vw, 457px\" \/><\/figure><\/div>\n<\/div><\/div>\n\n\n\n<div class=\"wp-block-group is-layout-grid wp-container-core-group-is-layout-d8316ff0 wp-block-group-is-layout-grid\">\n<figure class=\"wp-block-image size-large\"><img loading=\"lazy\" decoding=\"async\" width=\"1024\" height=\"1024\" src=\"https:\/\/maisondelaphilo-romainville.org\/wp-content\/uploads\/2026\/03\/Conference-1002-post-et-story-1024x1024.png\" alt=\"\" class=\"wp-image-6405\" srcset=\"https:\/\/maisondelaphilo-romainville.org\/wp-content\/uploads\/2026\/03\/Conference-1002-post-et-story-1024x1024.png 1024w, https:\/\/maisondelaphilo-romainville.org\/wp-content\/uploads\/2026\/03\/Conference-1002-post-et-story-300x300.png 300w, https:\/\/maisondelaphilo-romainville.org\/wp-content\/uploads\/2026\/03\/Conference-1002-post-et-story-150x150.png 150w, https:\/\/maisondelaphilo-romainville.org\/wp-content\/uploads\/2026\/03\/Conference-1002-post-et-story-768x768.png 768w, https:\/\/maisondelaphilo-romainville.org\/wp-content\/uploads\/2026\/03\/Conference-1002-post-et-story-180x180.png 180w, https:\/\/maisondelaphilo-romainville.org\/wp-content\/uploads\/2026\/03\/Conference-1002-post-et-story.png 1080w\" sizes=\"auto, (max-width: 1024px) 100vw, 1024px\" \/><\/figure>\n<\/div>\n\n\n\n<p><\/p>\n","protected":false},"excerpt":{"rendered":"<p>Conf\u00e9rences La philosophie est \u00e0 la port\u00e9e de tous, et l\u2019Histoire de la philosophie l\u2019est aussi. C\u2019est aussi de cette conviction que nous organisons une fois par trimestre, des conf\u00e9rences d\u00e9di\u00e9es aux philosophes contemporain.e.s. Avec eux, nous tentons de montrer que la philosophie est un champ de recherche vif et actuel, \u00e0 la pointe de&hellip; <a href=\"https:\/\/maisondelaphilo-romainville.org\/?page_id=5119\" class=\"more-link\">Continue reading <span class=\"screen-reader-text\">Conf\u00e9rences<\/span><\/a><\/p>\n","protected":false},"author":1,"featured_media":0,"parent":0,"menu_order":0,"comment_status":"closed","ping_status":"closed","template":"","meta":{"iawp_total_views":193,"footnotes":""},"class_list":["post-5119","page","type-page","status-publish","hentry","without-featured-image"],"aioseo_notices":[],"_links":{"self":[{"href":"https:\/\/maisondelaphilo-romainville.org\/index.php?rest_route=\/wp\/v2\/pages\/5119","targetHints":{"allow":["GET"]}}],"collection":[{"href":"https:\/\/maisondelaphilo-romainville.org\/index.php?rest_route=\/wp\/v2\/pages"}],"about":[{"href":"https:\/\/maisondelaphilo-romainville.org\/index.php?rest_route=\/wp\/v2\/types\/page"}],"author":[{"embeddable":true,"href":"https:\/\/maisondelaphilo-romainville.org\/index.php?rest_route=\/wp\/v2\/users\/1"}],"replies":[{"embeddable":true,"href":"https:\/\/maisondelaphilo-romainville.org\/index.php?rest_route=%2Fwp%2Fv2%2Fcomments&post=5119"}],"version-history":[{"count":15,"href":"https:\/\/maisondelaphilo-romainville.org\/index.php?rest_route=\/wp\/v2\/pages\/5119\/revisions"}],"predecessor-version":[{"id":6407,"href":"https:\/\/maisondelaphilo-romainville.org\/index.php?rest_route=\/wp\/v2\/pages\/5119\/revisions\/6407"}],"wp:attachment":[{"href":"https:\/\/maisondelaphilo-romainville.org\/index.php?rest_route=%2Fwp%2Fv2%2Fmedia&parent=5119"}],"curies":[{"name":"wp","href":"https:\/\/api.w.org\/{rel}","templated":true}]}}

Conférences

<div class="wp-block-group has-cabin-font-family"><div class="wp-block-group__inner-container is-layout-constrained wp-block-group-is-layout-constrained">
<div class="wp-block-media-text is-stacked-on-mobile"><figure class="wp-block-media-text__media"><img loading="lazy" decoding="async" width="1024" height="768" src="https://maisondelaphilo-romainville.org/wp-content/uploads/2024/09/20240511_161640-1-1024x768.jpg" alt="" class="wp-image-5634 size-full" srcset="https://maisondelaphilo-romainville.org/wp-content/uploads/2024/09/20240511_161640-1-1024x768.jpg 1024w, https://maisondelaphilo-romainville.org/wp-content/uploads/2024/09/20240511_161640-1-300x225.jpg 300w, https://maisondelaphilo-romainville.org/wp-content/uploads/2024/09/20240511_161640-1-768x576.jpg 768w, https://maisondelaphilo-romainville.org/wp-content/uploads/2024/09/20240511_161640-1-1536x1152.jpg 1536w, https://maisondelaphilo-romainville.org/wp-content/uploads/2024/09/20240511_161640-1-2048x1536.jpg 2048w" sizes="auto, (max-width: 1024px) 100vw, 1024px" /></figure><div class="wp-block-media-text__content">
<p class="has-x-large-font-size"><strong>Conférences</strong></p>
</div></div>



<p class="has-cabin-font-family has-medium-font-size"><strong>La philosophie est à la portée de tous, et l’Histoire de la philosophie l’est aussi. C’est aussi de cette conviction que nous organisons une fois par trimestre, des conférences dédiées aux philosophes contemporain.e.s. Avec eux, nous tentons de montrer que la philosophie est un champ de recherche vif et actuel, à la pointe de la contemporanéité !</strong></p>



<div class="wp-block-media-text has-media-on-the-right is-stacked-on-mobile"><div class="wp-block-media-text__content">
<p class="has-medium-font-size"><strong>• Un Vendredi par trimestre à 18h</strong><br><strong>• Une rencontre interactive avec un.e philosophe contemporain.e</strong><br><strong>• Un accueil enfants (à partir de 7 ans) pendant les conférences, sur inscription: maisondelaphilo@ville-romainville.fr.</strong></p>
</div><figure class="wp-block-media-text__media"><img loading="lazy" decoding="async" width="457" height="601" src="https://maisondelaphilo-romainville.org/wp-content/uploads/2024/09/capturemariegarreau-1.webp" alt="" class="wp-image-5672 size-full" srcset="https://maisondelaphilo-romainville.org/wp-content/uploads/2024/09/capturemariegarreau-1.webp 457w, https://maisondelaphilo-romainville.org/wp-content/uploads/2024/09/capturemariegarreau-1-228x300.webp 228w" sizes="auto, (max-width: 457px) 100vw, 457px" /></figure></div>
</div></div>



<div class="wp-block-group is-layout-grid wp-container-core-group-is-layout-d8316ff0 wp-block-group-is-layout-grid">
<figure class="wp-block-image size-large"><img loading="lazy" decoding="async" width="1024" height="1024" src="https://maisondelaphilo-romainville.org/wp-content/uploads/2026/03/Conference-1002-post-et-story-1024x1024.png" alt="" class="wp-image-6405" srcset="https://maisondelaphilo-romainville.org/wp-content/uploads/2026/03/Conference-1002-post-et-story-1024x1024.png 1024w, https://maisondelaphilo-romainville.org/wp-content/uploads/2026/03/Conference-1002-post-et-story-300x300.png 300w, https://maisondelaphilo-romainville.org/wp-content/uploads/2026/03/Conference-1002-post-et-story-150x150.png 150w, https://maisondelaphilo-romainville.org/wp-content/uploads/2026/03/Conference-1002-post-et-story-768x768.png 768w, https://maisondelaphilo-romainville.org/wp-content/uploads/2026/03/Conference-1002-post-et-story-180x180.png 180w, https://maisondelaphilo-romainville.org/wp-content/uploads/2026/03/Conference-1002-post-et-story.png 1080w" sizes="auto, (max-width: 1024px) 100vw, 1024px" /></figure>
</div>



<p></p>

<p>Conférences La philosophie est à la portée de tous, et l’Histoire de la philosophie l’est aussi. C’est aussi de cette conviction que nous organisons une fois par trimestre, des conférences dédiées aux philosophes contemporain.e.s. Avec eux, nous tentons de montrer que la philosophie est un champ de recherche vif et actuel, à la pointe de&hellip; <a href="https://maisondelaphilo-romainville.org/?page_id=5119" class="more-link">Continue reading <span class="screen-reader-text">Conférences</span></a></p>
